[dpdk-test-report] |FAILURE| pw63548 [PATCH] [DPDK] net/virtio: packed ring notification data feature support
dpdklab at iol.unh.edu
dpdklab at iol.unh.edu
Wed Dec 4 09:23:03 CET 2019
Test-Label: iol-compilation
Test-Status: FAILURE
http://dpdk.org/patch/63548
_Compilie Testing issues_
Submitter: Cheng Jiang <Cheng1.jiang at intel.com>
Date: Wednesday, December 04 2019 15:03:12
DPDK git baseline: Repo:dpdk
Branch: master
CommitID:d51827a9815d1e1b97828013ea2ef4760cf61dc9
63548 --> compile testing fail
Test environment and result as below:
+--------------+--------------+----------------+---------------+---------------+
| Environment | dpdk_compile | dpdk_compile_s | dpdk_compile_ | dpdk_meson_co |
| | | pdk | ovs | mpile |
+==============+==============+================+===============+===============+
| FreeBSD 11.2 | PASS | PASS | SKIPPED | FAIL |
+--------------+--------------+----------------+---------------+---------------+
| CentOS 8 | PASS | SKIPPED | PASS | FAIL |
+--------------+--------------+----------------+---------------+---------------+
| Ubuntu 18.04 | PASS | PASS | PASS | FAIL |
+--------------+--------------+----------------+---------------+---------------+
FreeBSD 11.2
Kernel: 11.2
GCC: 8.3
CentOS 8
Kernel: 4.18.0.el8_0
GCC: 8.2
Ubuntu 18.04
Kernel: 4.15.0-generic
GCC: 7.4
https://lab.dpdk.org/results/dashboard/patchsets/8804/
UNH-IOL DPDK Performance Test Lab
To manage your email subscriptions visit:
https://lab.dpdk.org/results/dashboard/preferences/subscriptions/
More information about the test-report
mailing list