[dpdk-test-report] |FAILURE| pw63626-63640 [PATCH] [01/15] common/octeontx2: add CPT LF mbox for inline inbound
dpdklab at iol.unh.edu
dpdklab at iol.unh.edu
Sun Dec 8 13:43:23 CET 2019
Test-Label: iol-testing
Test-Status: FAILURE
http://dpdk.org/patch/63626
_Testing issues_
Submitter: Anoob Joseph <anoobj at marvell.com>
Date: Sunday, December 08 2019 11:54:40
DPDK git baseline: Repo:dpdk
Branch: master
CommitID:aef1d0733179afb56916e95058a4f1398b81af04
63626-63640 --> testing fail
Test environment and result as below:
+--------------+--------------+------------------+-------------------+--------------------+----------------+
| Environment | dpdk_compile | dpdk_compile_ovs | dpdk_compile_spdk | dpdk_meson_compile | dpdk_unit_test |
+==============+==============+==================+===================+====================+================+
| Ubuntu 18.04 | FAIL | FAIL | FAIL | PASS | PASS |
+--------------+--------------+------------------+-------------------+--------------------+----------------+
| FreeBSD 11.2 | FAIL | SKIPPED | FAIL | PASS | SKIPPED |
+--------------+--------------+------------------+-------------------+--------------------+----------------+
| CentOS 8 | FAIL | FAIL | SKIPPED | PASS | SKIPPED |
+--------------+--------------+------------------+-------------------+--------------------+----------------+
Ubuntu 18.04
Kernel: 4.15.0-generic
GCC: 7.4
FreeBSD 11.2
Kernel: 11.2
GCC: 8.3
CentOS 8
Kernel: 4.18.0.el8_0
GCC: 8.2
https://lab.dpdk.org/results/dashboard/patchsets/8830/
UNH-IOL DPDK Performance Test Lab
To manage your email subscriptions visit:
https://lab.dpdk.org/results/dashboard/preferences/subscriptions/
More information about the test-report
mailing list