[dpdk-test-report] |FAILURE| pw63786 [PATCH] net/virtio: add link speed tuning
dpdklab at iol.unh.edu
dpdklab at iol.unh.edu
Thu Dec 12 14:34:50 CET 2019
Test-Label: iol-testing
Test-Status: FAILURE
http://dpdk.org/patch/63786
_Testing issues_
Submitter: Ivan Dyukov <i.dyukov at samsung.com>
Date: Thursday, December 12 2019 08:50:12
DPDK git baseline: Repo:dpdk
Branch: master
CommitID:aef1d0733179afb56916e95058a4f1398b81af04
63786 --> testing fail
Test environment and result as below:
+--------------+-------------------+----------------+--------------+--------------------+------------------+
| Environment | dpdk_compile_spdk | dpdk_unit_test | dpdk_compile | dpdk_meson_compile | dpdk_compile_ovs |
+==============+===================+================+==============+====================+==================+
| Ubuntu 18.04 | PASS | FAIL | PASS | FAIL | PASS |
+--------------+-------------------+----------------+--------------+--------------------+------------------+
| FreeBSD 11.2 | PASS | SKIPPED | PASS | FAIL | SKIPPED |
+--------------+-------------------+----------------+--------------+--------------------+------------------+
| CentOS 8 | SKIPPED | SKIPPED | PASS | FAIL | PASS |
+--------------+-------------------+----------------+--------------+--------------------+------------------+
Ubuntu 18.04
Kernel: 4.15.0-generic
GCC: 7.4
FreeBSD 11.2
Kernel: 11.2
GCC: 8.3
CentOS 8
Kernel: 4.18.0.el8_0
GCC: 8.2
https://lab.dpdk.org/results/dashboard/patchsets/8888/
UNH-IOL DPDK Community Lab
To manage your email subscriptions visit:
https://lab.dpdk.org/results/dashboard/preferences/subscriptions/
More information about the test-report
mailing list