[dpdk-test-report] |FAILURE| [GIT MASTER] 9442a58cf5edfa3e4a734506c98ef85522a656dd

dpdklab at iol.unh.edu dpdklab at iol.unh.edu
Tue Dec 17 01:35:20 CET 2019


_Testing issues_

Branch: dpdk-next-net-intel

9442a58cf5edfa3e4a734506c98ef85522a656dd --> testing fail

Test environment and result as below:

+--------------+--------------+--------------------+-------------------+------------------+----------------+
| Environment  | dpdk_compile | dpdk_meson_compile | dpdk_compile_spdk | dpdk_compile_ovs | dpdk_unit_test |
+==============+==============+====================+===================+==================+================+
| Ubuntu 18.04 | PASS         | PASS               | PASS              | PASS             | FAIL           |
+--------------+--------------+--------------------+-------------------+------------------+----------------+
| FreeBSD 11.2 | PASS         | PASS               | PASS              | SKIPPED          | SKIPPED        |
+--------------+--------------+--------------------+-------------------+------------------+----------------+
| CentOS 8     | PASS         | PASS               | SKIPPED           | PASS             | SKIPPED        |
+--------------+--------------+--------------------+-------------------+------------------+----------------+

Ubuntu 18.04
	Kernel: 4.15.0-generic
	GCC: 7.4

FreeBSD 11.2
	Kernel: 11.2
	GCC: 8.3

CentOS 8
	Kernel: 4.18.0.el8_0
	GCC: 8.2

https://lab.dpdk.org/results/dashboard/tarballs/7495/

UNH-IOL DPDK Community Lab

To manage your email subscriptions visit: 
https://lab.dpdk.org/results/dashboard/preferences/subscriptions/


More information about the test-report mailing list