[dpdk-test-report] |FAILURE| pw63981-63986 [PATCH] [v6, 1/6] lib/eal: implement the family of rte bit operation APIs
dpdklab at iol.unh.edu
dpdklab at iol.unh.edu
Wed Dec 18 10:37:12 CET 2019
Test-Label: iol-testing
Test-Status: FAILURE
http://dpdk.org/patch/63981
_Testing issues_
Submitter: Joyce Kong <joyce.kong at arm.com>
Date: Wednesday, December 18 2019 06:00:03
DPDK git baseline: Repo:dpdk
Branch: master
CommitID:c3e89f69facbbfe131b6a6723665d48801ac943d
63981-63986 --> testing fail
Test environment and result as below:
+--------------+-------------------+------------------+--------------------+----------------+--------------+
| Environment | dpdk_compile_spdk | dpdk_compile_ovs | dpdk_meson_compile | dpdk_unit_test | dpdk_compile |
+==============+===================+==================+====================+================+==============+
| FreeBSD 11.2 | PASS | SKIPPED | FAIL | SKIPPED | PASS |
+--------------+-------------------+------------------+--------------------+----------------+--------------+
| Ubuntu 18.04 | SKIPPED | PASS | FAIL | PASS | PASS |
+--------------+-------------------+------------------+--------------------+----------------+--------------+
| CentOS 8 | SKIPPED | PASS | FAIL | SKIPPED | PASS |
+--------------+-------------------+------------------+--------------------+----------------+--------------+
FreeBSD 11.2
Kernel: 11.2
GCC: 8.3
Ubuntu 18.04
Kernel: 4.15.0-generic
GCC: 7.4
CentOS 8
Kernel: 4.18.0.el8_0
GCC: 8.2
https://lab.dpdk.org/results/dashboard/patchsets/8960/
UNH-IOL DPDK Community Lab
To manage your email subscriptions visit:
https://lab.dpdk.org/results/dashboard/preferences/subscriptions/
More information about the test-report
mailing list