[dpdk-test-report] |FAILURE| pw63995 [PATCH] [v4] app/test: fix build when ring PMD is disabled

dpdklab at iol.unh.edu dpdklab at iol.unh.edu
Wed Dec 18 13:46:04 CET 2019


Test-Label: iol-testing
Test-Status: FAILURE
http://dpdk.org/patch/63995

_Testing issues_

Submitter: Reshma Pattan <reshma.pattan at intel.com>
Date: Wednesday, December 18 2019 11:58:31 
DPDK git baseline: Repo:dpdk
  Branch: master
  CommitID:c3e89f69facbbfe131b6a6723665d48801ac943d

63995 --> testing fail

Test environment and result as below:

+--------------+--------------+--------------------+-------------------+----------------+------------------+
| Environment  | dpdk_compile | dpdk_meson_compile | dpdk_compile_spdk | dpdk_unit_test | dpdk_compile_ovs |
+==============+==============+====================+===================+================+==================+
| Ubuntu 18.04 | PASS         | PASS               | PASS              | FAIL           | PASS             |
+--------------+--------------+--------------------+-------------------+----------------+------------------+
| FreeBSD 11.2 | PASS         | PASS               | PASS              | SKIPPED        | SKIPPED          |
+--------------+--------------+--------------------+-------------------+----------------+------------------+
| CentOS 8     | PASS         | PASS               | SKIPPED           | SKIPPED        | PASS             |
+--------------+--------------+--------------------+-------------------+----------------+------------------+

Ubuntu 18.04
	Kernel: 4.15.0-generic
	GCC: 7.4

FreeBSD 11.2
	Kernel: 11.2
	GCC: 8.3

CentOS 8
	Kernel: 4.18.0.el8_0
	GCC: 8.2

https://lab.dpdk.org/results/dashboard/patchsets/8966/

UNH-IOL DPDK Community Lab

To manage your email subscriptions visit: 
https://lab.dpdk.org/results/dashboard/preferences/subscriptions/


More information about the test-report mailing list