[dpdk-test-report] |FAILURE| pw64095 [PATCH] net/bnxt: fix to not overwrite error message
dpdklab at iol.unh.edu
dpdklab at iol.unh.edu
Sat Dec 21 04:30:57 CET 2019
Test-Label: iol-testing
Test-Status: FAILURE
http://dpdk.org/patch/64095
_Testing issues_
Submitter: Ajit Khaparde <ajit.khaparde at broadcom.com>
Date: Saturday, December 21 2019 02:42:18
DPDK git baseline: Repo:dpdk
Branch: master
CommitID:2e088e6f94b773233c06440763c1be43d0d705b3
64095 --> testing fail
Test environment and result as below:
+--------------+--------------+-------------------+--------------------+------------------+
| Environment | dpdk_compile | dpdk_compile_spdk | dpdk_meson_compile | dpdk_compile_ovs |
+==============+==============+===================+====================+==================+
| FreeBSD 11.2 | PASS | PASS | PASS | SKIPPED |
+--------------+--------------+-------------------+--------------------+------------------+
| Ubuntu 18.04 | PASS | FAIL | FAIL | FAIL |
+--------------+--------------+-------------------+--------------------+------------------+
| Fedora 31 | PASS | SKIPPED | PASS | PASS |
+--------------+--------------+-------------------+--------------------+------------------+
| CentOS 8 | PASS | SKIPPED | PASS | PASS |
+--------------+--------------+-------------------+--------------------+------------------+
FreeBSD 11.2
Kernel: 11.2
GCC: 8.3
Ubuntu 18.04
Kernel: 4.15.0-generic
GCC: 7.4
Fedora 31
Kernel: 5.3.16
GCC: 9.2.1
CentOS 8
Kernel: 4.18.0.el8_0
GCC: 8.2
https://lab.dpdk.org/results/dashboard/patchsets/9006/
UNH-IOL DPDK Community Lab
To manage your email subscriptions visit:
https://lab.dpdk.org/results/dashboard/preferences/subscriptions/
More information about the test-report
mailing list