[dpdk-test-report] |FAILURE| pw64126 [PATCH] vhost: fix the inflight resubmit check

dpdklab at iol.unh.edu dpdklab at iol.unh.edu
Wed Dec 25 09:51:21 CET 2019


Test-Label: iol-testing
Test-Status: FAILURE
http://dpdk.org/patch/64126

_Testing issues_

Submitter: Jin Yu <jin.yu at intel.com>
Date: Wednesday, December 25 2019 14:18:35 
DPDK git baseline: Repo:dpdk
  Branch: master
  CommitID:2e088e6f94b773233c06440763c1be43d0d705b3

64126 --> testing fail

Test environment and result as below:

+--------------+-------------------+--------------+--------------------+----------------+------------------+
| Environment  | dpdk_compile_spdk | dpdk_compile | dpdk_meson_compile | dpdk_unit_test | dpdk_compile_ovs |
+==============+===================+==============+====================+================+==================+
| FreeBSD 11.2 | PASS              | PASS         | FAIL               | SKIPPED        | SKIPPED          |
+--------------+-------------------+--------------+--------------------+----------------+------------------+
| Ubuntu 18.04 | PASS              | PASS         | FAIL               | FAIL           | PASS             |
+--------------+-------------------+--------------+--------------------+----------------+------------------+
| Fedora 31    | SKIPPED           | PASS         | FAIL               | SKIPPED        | PASS             |
+--------------+-------------------+--------------+--------------------+----------------+------------------+
| CentOS 8     | SKIPPED           | PASS         | FAIL               | SKIPPED        | PASS             |
+--------------+-------------------+--------------+--------------------+----------------+------------------+

FreeBSD 11.2
	Kernel: 11.2
	GCC: 8.3

Ubuntu 18.04
	Kernel: 4.15.0-generic
	GCC: 7.4

Fedora 31
	Kernel: 5.3.16
	GCC: 9.2.1

CentOS 8
	Kernel: 4.18.0.el8_0
	GCC: 8.2

https://lab.dpdk.org/results/dashboard/patchsets/9021/

UNH-IOL DPDK Community Lab

To manage your email subscriptions visit: 
https://lab.dpdk.org/results/dashboard/preferences/subscriptions/


More information about the test-report mailing list