[dpdk-test-report] |FAILURE| pw62678-62697 [PATCH] [v3, 01/19] net/mlx5: convert internal tag endianness
dpdklab at iol.unh.edu
dpdklab at iol.unh.edu
Thu Nov 7 19:01:53 CET 2019
Test-Label: iol-compilation
Test-Status: FAILURE
http://dpdk.org/patch/62678
_Compilie Testing issues_
Submitter: Viacheslav Ovsiienko <viacheslavo at mellanox.com>
Date: Thursday, November 07 2019 17:09:46
DPDK git baseline: Repo:dpdk-next-net-mlx
Branch: master
CommitID:078a52797b367bf247de44650e5d1b366c35232f
62678-62697 --> compile testing fail
Test environment and result as below:
+--------------+------------------+-------------------+--------------+
| Environment | dpdk_compile_ovs | dpdk_compile_spdk | dpdk_compile |
+==============+==================+===================+==============+
| Ubuntu 18.04 | FAIL | FAIL | FAIL |
+--------------+------------------+-------------------+--------------+
| CentOS 8 | FAIL | | FAIL |
+--------------+------------------+-------------------+--------------+
| FreeBSD 11.2 | | PASS | PASS |
+--------------+------------------+-------------------+--------------+
Ubuntu 18.04
Kernel: 4.15.0-generic
GCC: 7.4
CentOS 8
Kernel: 4.18.0.el8_0
GCC: 8.2
FreeBSD 11.2
Kernel: 11.2
GCC: 8.3
https://lab.dpdk.org/results/dashboard/patchsets/8422/
UNH-IOL DPDK Performance Test Lab
To manage your email subscriptions visit:
https://lab.dpdk.org/results/dashboard/preferences/subscriptions/
More information about the test-report
mailing list