[dpdk-test-report] |FAILURE| pw62775-62776 [PATCH] [v2, 1/3] net/mlx5: reorganize flow tables with hash list
dpdklab at iol.unh.edu
dpdklab at iol.unh.edu
Fri Nov 8 16:54:59 CET 2019
Test-Label: iol-compilation
Test-Status: FAILURE
http://dpdk.org/patch/62775
_Compilie Testing issues_
Submitter: Bing Zhao <bingz at mellanox.com>
Date: Friday, November 08 2019 15:23:08
DPDK git baseline: Repo:dpdk-next-net-mlx
Branch: master
CommitID:faf1528175811bd82c79e109e0cdc05cb8d256e9
62775-62776 --> compile testing fail
Test environment and result as below:
+--------------+--------------+------------------+-------------------+
| Environment | dpdk_compile | dpdk_compile_ovs | dpdk_compile_spdk |
+==============+==============+==================+===================+
| FreeBSD 11.2 | PASS | | PASS |
+--------------+--------------+------------------+-------------------+
| Ubuntu 18.04 | PASS | PASS | PASS |
+--------------+--------------+------------------+-------------------+
| CentOS 8 | FAIL | FAIL | |
+--------------+--------------+------------------+-------------------+
FreeBSD 11.2
Kernel: 11.2
GCC: 8.3
Ubuntu 18.04
Kernel: 4.15.0-generic
GCC: 7.4
CentOS 8
Kernel: 4.18.0.el8_0
GCC: 8.2
https://lab.dpdk.org/results/dashboard/patchsets/8444/
UNH-IOL DPDK Performance Test Lab
To manage your email subscriptions visit:
https://lab.dpdk.org/results/dashboard/preferences/subscriptions/
More information about the test-report
mailing list