[dpdk-test-report] |FAILURE| pw62825 [PATCH] ethdev: fix last item detection on RSS flow expand
dpdklab at iol.unh.edu
dpdklab at iol.unh.edu
Mon Nov 11 12:24:51 CET 2019
Test-Label: iol-compilation
Test-Status: FAILURE
http://dpdk.org/patch/62825
_Compilie Testing issues_
Submitter: Matan Azrad <matan at mellanox.com>
Date: Monday, November 11 2019 10:42:05
DPDK git baseline: Repo:dpdk-next-net
Branch: master
CommitID:ba465d0cf8672032e0339cda7ef3a083b2d8a2af
62825 --> compile testing fail
Test environment and result as below:
+--------------+--------------+------------------+-------------------+
| Environment | dpdk_compile | dpdk_compile_ovs | dpdk_compile_spdk |
+==============+==============+==================+===================+
| Ubuntu 18.04 | PASS | PASS | PASS |
+--------------+--------------+------------------+-------------------+
| FreeBSD 11.2 | PASS | | PASS |
+--------------+--------------+------------------+-------------------+
| CentOS 8 | FAIL | FAIL | |
+--------------+--------------+------------------+-------------------+
Ubuntu 18.04
Kernel: 4.15.0-generic
GCC: 7.4
FreeBSD 11.2
Kernel: 11.2
GCC: 8.3
CentOS 8
Kernel: 4.18.0.el8_0
GCC: 8.2
https://lab.dpdk.org/results/dashboard/patchsets/8467/
UNH-IOL DPDK Performance Test Lab
To manage your email subscriptions visit:
https://lab.dpdk.org/results/dashboard/preferences/subscriptions/
More information about the test-report
mailing list