[dpdk-test-report] |WARNING| pw63185-63186 [PATCH] [v3, 1/2] net/ice: fix pattern name of GTPU with extension header
dpdklab at iol.unh.edu
dpdklab at iol.unh.edu
Thu Nov 21 05:53:59 CET 2019
Test-Label: iol-compilation
Test-Status: WARNING
http://dpdk.org/patch/63185
_Compilie Testing issues_
Submitter: Yahui Cao <yahui.cao at intel.com>
Date: Thursday, November 21 2019 11:20:14
DPDK git baseline: Repo:dpdk
Branch: master
CommitID:e5d0ba08703099c12e4bb2eac650cbb047df1a13
63185-63186 --> compile testing fail
Test environment and result as below:
+--------------+----------------+---------------+--------------+---------------+
| Environment | dpdk_compile_o | dpdk_compile_ | dpdk_compile | dpdk_meson_co |
| | vs | spdk | | mpile |
+==============+================+===============+==============+===============+
| Ubuntu 18.04 | PASS | PASS | PASS | FAIL |
+--------------+----------------+---------------+--------------+---------------+
| CentOS 8 | PASS | SKIPPED | PASS | FAIL |
+--------------+----------------+---------------+--------------+---------------+
| FreeBSD 11.2 | SKIPPED | PASS | PASS | FAIL |
+--------------+----------------+---------------+--------------+---------------+
Ubuntu 18.04
Kernel: 4.15.0-generic
GCC: 7.4
CentOS 8
Kernel: 4.18.0.el8_0
GCC: 8.2
FreeBSD 11.2
Kernel: 11.2
GCC: 8.3
https://lab.dpdk.org/results/dashboard/patchsets/8640/
UNH-IOL DPDK Performance Test Lab
To manage your email subscriptions visit:
https://lab.dpdk.org/results/dashboard/preferences/subscriptions/
More information about the test-report
mailing list