[dpdk-test-report] |FAILURE| pw63270-63274 [PATCH] [1/5] drivers/octeontx2: allow experimental symbols

dpdklab at iol.unh.edu dpdklab at iol.unh.edu
Mon Nov 25 13:00:38 CET 2019


Test-Label: iol-compilation
Test-Status: FAILURE
http://dpdk.org/patch/63270

_Compilie Testing issues_

Submitter: Sunil Kumar Kori <skori at marvell.com>
Date: Monday, November 25 2019 11:35:33 
DPDK git baseline: Repo:dpdk
  Branch: master
  CommitID:e5d0ba08703099c12e4bb2eac650cbb047df1a13

63270-63274 --> compile testing fail

Test environment and result as below:

+--------------+--------------+----------------+---------------+---------------+
| Environment  | dpdk_compile | dpdk_compile_s | dpdk_compile_ | dpdk_meson_co |
|              |              |      pdk       |      ovs      |     mpile     |
+==============+==============+================+===============+===============+
| Ubuntu 18.04 | PASS         | PASS           | PASS          | FAIL          |
+--------------+--------------+----------------+---------------+---------------+
| FreeBSD 11.2 | PASS         | PASS           | SKIPPED       | FAIL          |
+--------------+--------------+----------------+---------------+---------------+
| CentOS 8     | PASS         | SKIPPED        | PASS          | FAIL          |
+--------------+--------------+----------------+---------------+---------------+

Ubuntu 18.04
	Kernel: 4.15.0-generic
	GCC: 7.4

FreeBSD 11.2
	Kernel: 11.2
	GCC: 8.3

CentOS 8
	Kernel: 4.18.0.el8_0
	GCC: 8.2

https://lab.dpdk.org/results/dashboard/patchsets/8689/

UNH-IOL DPDK Performance Test Lab

To manage your email subscriptions visit: 
https://lab.dpdk.org/results/dashboard/preferences/subscriptions/


More information about the test-report mailing list