[dpdk-test-report] |FAILURE| pw63305 [PATCH] examples/vhost_blk: fix the TOCTOU
dpdklab at iol.unh.edu
dpdklab at iol.unh.edu
Tue Nov 26 14:06:54 CET 2019
Test-Label: iol-compilation
Test-Status: FAILURE
http://dpdk.org/patch/63305
_Compilie Testing issues_
Submitter: Jin Yu <jin.yu at intel.com>
Date: Tuesday, November 26 2019 15:32:14
DPDK git baseline: Repo:dpdk
Branch: master
CommitID:39a19ae03d8fe6210f3e7919b29378bd3223621c
63305 --> compile testing fail
Test environment and result as below:
+--------------+----------------+--------------+---------------+---------------+
| Environment | dpdk_compile_s | dpdk_compile | dpdk_compile_ | dpdk_meson_co |
| | pdk | | ovs | mpile |
+==============+================+==============+===============+===============+
| FreeBSD 11.2 | PASS | PASS | SKIPPED | FAIL |
+--------------+----------------+--------------+---------------+---------------+
| Ubuntu 18.04 | PASS | PASS | PASS | FAIL |
+--------------+----------------+--------------+---------------+---------------+
| CentOS 8 | SKIPPED | PASS | PASS | FAIL |
+--------------+----------------+--------------+---------------+---------------+
FreeBSD 11.2
Kernel: 11.2
GCC: 8.3
Ubuntu 18.04
Kernel: 4.15.0-generic
GCC: 7.4
CentOS 8
Kernel: 4.18.0.el8_0
GCC: 8.2
https://lab.dpdk.org/results/dashboard/patchsets/8710/
UNH-IOL DPDK Performance Test Lab
To manage your email subscriptions visit:
https://lab.dpdk.org/results/dashboard/preferences/subscriptions/
More information about the test-report
mailing list