[dpdk-test-report] |FAILURE| pw63335 [PATCH] [v8, 1/1] fbarray: fix duplicated fbarray file in secondary
dpdklab at iol.unh.edu
dpdklab at iol.unh.edu
Wed Nov 27 17:27:21 CET 2019
Test-Label: iol-compilation
Test-Status: FAILURE
http://dpdk.org/patch/63335
_Compilie Testing issues_
Submitter: Yasufumi Ogawa <yasufum.o at gmail.com>
Date: Wednesday, November 27 2019 08:48:26
DPDK git baseline: Repo:dpdk
Branch: master
CommitID:ebf9c7b1db2fbc09f87eed4cf8486239786fcad1
63335 --> compile testing fail
Test environment and result as below:
+--------------+-------------------+--------------+------------------+
| Environment | dpdk_compile_spdk | dpdk_compile | dpdk_compile_ovs |
+==============+===================+==============+==================+
| FreeBSD 11.2 | FAIL | FAIL | SKIPPED |
+--------------+-------------------+--------------+------------------+
| Ubuntu 18.04 | PASS | PASS | PASS |
+--------------+-------------------+--------------+------------------+
| CentOS 8 | SKIPPED | PASS | PASS |
+--------------+-------------------+--------------+------------------+
FreeBSD 11.2
Kernel: 11.2
GCC: 8.3
Ubuntu 18.04
Kernel: 4.15.0-generic
GCC: 7.4
CentOS 8
Kernel: 4.18.0.el8_0
GCC: 8.2
https://lab.dpdk.org/results/dashboard/patchsets/8736/
UNH-IOL DPDK Performance Test Lab
To manage your email subscriptions visit:
https://lab.dpdk.org/results/dashboard/preferences/subscriptions/
More information about the test-report
mailing list