[dpdk-test-report] |WARNING| [GIT MASTER] 564f295d1960e2c9401f1c39427a2a921ab3a3c4
dpdklab at iol.unh.edu
dpdklab at iol.unh.edu
Thu Nov 28 17:47:08 CET 2019
_Compilie Testing issues_
Branch: dpdk-next-crypto
564f295d1960e2c9401f1c39427a2a921ab3a3c4 --> compile testing fail
Test environment and result as below:
+--------------+------------------+-------------------+--------------+
| Environment | dpdk_compile_ovs | dpdk_compile_spdk | dpdk_compile |
+==============+==================+===================+==============+
| Ubuntu 18.04 | PASS | FAIL | PASS |
+--------------+------------------+-------------------+--------------+
| CentOS 8 | PASS | SKIPPED | PASS |
+--------------+------------------+-------------------+--------------+
| FreeBSD 11.2 | SKIPPED | PASS | PASS |
+--------------+------------------+-------------------+--------------+
Ubuntu 18.04
Kernel: 4.15.0-generic
GCC: 7.4
CentOS 8
Kernel: 4.18.0.el8_0
GCC: 8.2
FreeBSD 11.2
Kernel: 11.2
GCC: 8.3
https://lab.dpdk.org/results/dashboard/tarballs/7334/
UNH-IOL DPDK Performance Test Lab
To manage your email subscriptions visit:
https://lab.dpdk.org/results/dashboard/preferences/subscriptions/
More information about the test-report
mailing list