[dpdk-test-report] |FAILURE| pw61338-61343 [PATCH] [v5, 1/5] net/ice: minor code clean
dpdklab at iol.unh.edu
dpdklab at iol.unh.edu
Thu Oct 17 06:01:25 CEST 2019
Test-Label: iol-compilation
Test-Status: FAILURE
http://dpdk.org/patch/61338
_Compilie Testing issues_
Submitter: Ying Wang <ying.a.wang at intel.com>
Date: Wednesday, October 16 2019 18:33:52
DPDK git baseline: Repo:dpdk-next-net-intel
Branch: master
CommitID:b549bf491848eaba39634cab5dc2f4268d9bfe12
61338-61343 --> compile testing fail
Test environment and result as below:
+--------------+-------------------+------------------+--------------+
| Environment | dpdk_compile_spdk | dpdk_compile_ovs | dpdk_compile |
+==============+===================+==================+==============+
| FreeBSD 11.2 | FAIL | | FAIL |
+--------------+-------------------+------------------+--------------+
| Ubuntu 18.04 | PASS | PASS | PASS |
+--------------+-------------------+------------------+--------------+
| CentOS 8 | | PASS | PASS |
+--------------+-------------------+------------------+--------------+
FreeBSD 11.2
Kernel: 11.2
GCC: 8.3
Ubuntu 18.04
Kernel: 4.15.0-generic
GCC: 7.4
CentOS 8
Kernel: 4.18.0.el8_0
GCC: 8.2
https://lab.dpdk.org/results/dashboard/patchsets/7979/
UNH-IOL DPDK Performance Test Lab
To manage your email subscriptions visit:
https://lab.dpdk.org/results/dashboard/preferences/subscriptions/
More information about the test-report
mailing list