[dpdk-test-report] |FAILURE| pw67709-67721 [PATCH] [v3, 01/13] net/ice: enable switch flow on DCF
dpdklab at iol.unh.edu
dpdklab at iol.unh.edu
Fri Apr 3 06:43:18 CEST 2020
Test-Label: iol-testing
Test-Status: FAILURE
http://dpdk.org/patch/67709
_Testing issues_
Submitter: Zhao1, Wei <wei.zhao1 at intel.com>
Date: Friday, April 03 2020 02:43:41
DPDK git baseline: Repo:dpdk-next-net-intel
Branch: master
CommitID:2bc8cc05319cef5715a1c97f6080716a33fe1d5a
67709-67721 --> testing fail
Test environment and result as below:
+---------------------+--------------+------------------+-------------------+--------------------+----------------+
| Environment | dpdk_compile | dpdk_compile_ovs | dpdk_compile_spdk | dpdk_meson_compile | dpdk_unit_test |
+=====================+==============+==================+===================+====================+================+
| openSUSE Leap 15 | FAIL | FAIL | FAIL | FAIL | SKIPPED |
+---------------------+--------------+------------------+-------------------+--------------------+----------------+
| FreeBSD 11.2 | PASS | SKIPPED | PASS | PASS | SKIPPED |
+---------------------+--------------+------------------+-------------------+--------------------+----------------+
| Ubuntu 18.04 | PASS | PASS | PASS | PASS | PASS |
+---------------------+--------------+------------------+-------------------+--------------------+----------------+
| CentOS 8 | PASS | PASS | PASS | PASS | SKIPPED |
+---------------------+--------------+------------------+-------------------+--------------------+----------------+
| Fedora 31 | PASS | PASS | PASS | PASS | SKIPPED |
+---------------------+--------------+------------------+-------------------+--------------------+----------------+
| Arch Linux | PASS | PASS | SKIPPED | PASS | SKIPPED |
+---------------------+--------------+------------------+-------------------+--------------------+----------------+
| Windows Server 2019 | SKIPPED | SKIPPED | SKIPPED | PASS | SKIPPED |
+---------------------+--------------+------------------+-------------------+--------------------+----------------+
openSUSE Leap 15
Kernel: 4.12.14
Compiler: gcc 7.4.1
FreeBSD 11.2
Kernel: 11.2
Compiler: gcc 8.3
Ubuntu 18.04
Kernel: 4.15.0-generic
Compiler: gcc 7.4
CentOS 8
Kernel: 4.18.0.el8_0
Compiler: gcc 8.3.1
Fedora 31
Kernel: 5.3.16
Compiler: gcc 9.2.1
Arch Linux
Kernel: latest
Compiler: gcc latest
Windows Server 2019
Kernel: 10.0
Compiler: clang 9.0
To view detailed results, visit:
https://lab.dpdk.org/results/dashboard/patchsets/10241/
UNH-IOL DPDK Community Lab
To manage your email subscriptions, visit:
https://lab.dpdk.org/results/dashboard/preferences/subscriptions/
More information about the test-report
mailing list