[dpdk-test-report] |FAILURE| pw67724-67736 [PATCH] [v4, 01/13] net/ice: enable switch flow on DCF
dpdklab at iol.unh.edu
dpdklab at iol.unh.edu
Fri Apr 3 08:10:21 CEST 2020
Test-Label: iol-testing
Test-Status: FAILURE
http://dpdk.org/patch/67724
_Testing issues_
Submitter: Wei Zhao <wei.zhao1 at intel.com>
Date: Friday, April 03 2020 04:45:57
DPDK git baseline: Repo:dpdk-next-net-intel
Branch: master
CommitID:2bc8cc05319cef5715a1c97f6080716a33fe1d5a
67724-67736 --> testing fail
Test environment and result as below:
+---------------------+------------------+-------------------+--------------+--------------------+----------------+
| Environment | dpdk_compile_ovs | dpdk_compile_spdk | dpdk_compile | dpdk_meson_compile | dpdk_unit_test |
+=====================+==================+===================+==============+====================+================+
| openSUSE Leap 15 | FAIL | FAIL | FAIL | FAIL | SKIPPED |
+---------------------+------------------+-------------------+--------------+--------------------+----------------+
| CentOS 8 | PASS | PASS | PASS | PASS | SKIPPED |
+---------------------+------------------+-------------------+--------------+--------------------+----------------+
| Ubuntu 18.04 | PASS | PASS | PASS | PASS | PASS |
+---------------------+------------------+-------------------+--------------+--------------------+----------------+
| Fedora 31 | PASS | PASS | PASS | PASS | SKIPPED |
+---------------------+------------------+-------------------+--------------+--------------------+----------------+
| Arch Linux | PASS | SKIPPED | PASS | PASS | SKIPPED |
+---------------------+------------------+-------------------+--------------+--------------------+----------------+
| FreeBSD 11.2 | SKIPPED | PASS | PASS | PASS | SKIPPED |
+---------------------+------------------+-------------------+--------------+--------------------+----------------+
| Windows Server 2019 | SKIPPED | SKIPPED | SKIPPED | PASS | SKIPPED |
+---------------------+------------------+-------------------+--------------+--------------------+----------------+
openSUSE Leap 15
Kernel: 4.12.14
Compiler: gcc 7.4.1
CentOS 8
Kernel: 4.18.0.el8_0
Compiler: gcc 8.3.1
Ubuntu 18.04
Kernel: 4.15.0-generic
Compiler: gcc 7.4
Fedora 31
Kernel: 5.3.16
Compiler: gcc 9.2.1
Arch Linux
Kernel: latest
Compiler: gcc latest
FreeBSD 11.2
Kernel: 11.2
Compiler: gcc 8.3
Windows Server 2019
Kernel: 10.0
Compiler: clang 9.0
To view detailed results, visit:
https://lab.dpdk.org/results/dashboard/patchsets/10243/
UNH-IOL DPDK Community Lab
To manage your email subscriptions, visit:
https://lab.dpdk.org/results/dashboard/preferences/subscriptions/
More information about the test-report
mailing list