[dpdk-test-report] |FAILURE| [GIT MASTER] f2c9b773f95dfe2386d68814ac2788d26e20afda
dpdklab at iol.unh.edu
dpdklab at iol.unh.edu
Sun Apr 5 13:44:57 CEST 2020
_Testing issues_
Branch: dpdk-next-eventdev
f2c9b773f95dfe2386d68814ac2788d26e20afda --> testing fail
Test environment and result as below:
+---------------------+------------------+--------------------+--------------+-------------------+----------------+
| Environment | dpdk_compile_ovs | dpdk_meson_compile | dpdk_compile | dpdk_compile_spdk | dpdk_unit_test |
+=====================+==================+====================+==============+===================+================+
| openSUSE Leap 15 | FAIL | FAIL | FAIL | FAIL | SKIPPED |
+---------------------+------------------+--------------------+--------------+-------------------+----------------+
| CentOS 8 | PASS | PASS | PASS | PASS | SKIPPED |
+---------------------+------------------+--------------------+--------------+-------------------+----------------+
| Ubuntu 18.04 | PASS | PASS | PASS | PASS | PASS |
+---------------------+------------------+--------------------+--------------+-------------------+----------------+
| Fedora 31 | PASS | PASS | PASS | PASS | SKIPPED |
+---------------------+------------------+--------------------+--------------+-------------------+----------------+
| Arch Linux | PASS | PASS | PASS | SKIPPED | SKIPPED |
+---------------------+------------------+--------------------+--------------+-------------------+----------------+
| Windows Server 2019 | SKIPPED | PASS | SKIPPED | SKIPPED | SKIPPED |
+---------------------+------------------+--------------------+--------------+-------------------+----------------+
| FreeBSD 11.2 | SKIPPED | PASS | PASS | PASS | SKIPPED |
+---------------------+------------------+--------------------+--------------+-------------------+----------------+
openSUSE Leap 15
Kernel: 4.12.14
Compiler: gcc 7.4.1
CentOS 8
Kernel: 4.18.0.el8_0
Compiler: gcc 8.3.1
Ubuntu 18.04
Kernel: 4.15.0-generic
Compiler: gcc 7.4
Fedora 31
Kernel: 5.3.16
Compiler: gcc 9.2.1
Arch Linux
Kernel: latest
Compiler: gcc latest
Windows Server 2019
Kernel: 10.0
Compiler: clang 9.0
FreeBSD 11.2
Kernel: 11.2
Compiler: gcc 8.3
To view detailed results, visit:
https://lab.dpdk.org/results/dashboard/tarballs/8781/
UNH-IOL DPDK Community Lab
To manage your email subscriptions, visit:
https://lab.dpdk.org/results/dashboard/preferences/subscriptions/
More information about the test-report
mailing list