[dpdk-test-report] |FAILURE| pw68049-68050 [PATCH] [1/2] eal: introduce last-init queue for libraries initialization
dpdklab at iol.unh.edu
dpdklab at iol.unh.edu
Thu Apr 9 13:52:24 CEST 2020
Test-Label: iol-testing
Test-Status: FAILURE
http://dpdk.org/patch/68049
_Testing issues_
Submitter: Tonghao Zhang <xiangxia.m.yue at gmail.com>
Date: Thursday, April 09 2020 10:52:59
DPDK git baseline: Repo:dpdk
Branch: master
CommitID:10c69730a4b4910b4d57c365329a6c26479d25cd
68049-68050 --> testing fail
Test environment and result as below:
+---------------------+----------------+--------------------+-------------------+------------------+--------------+
| Environment | dpdk_unit_test | dpdk_meson_compile | dpdk_compile_spdk | dpdk_compile_ovs | dpdk_compile |
+=====================+================+====================+===================+==================+==============+
| Ubuntu 18.04 | FAIL | FAIL | PASS | PASS | PASS |
+---------------------+----------------+--------------------+-------------------+------------------+--------------+
| Windows Server 2019 | SKIPPED | PASS | SKIPPED | SKIPPED | SKIPPED |
+---------------------+----------------+--------------------+-------------------+------------------+--------------+
| FreeBSD 11.2 | SKIPPED | FAIL | PASS | SKIPPED | PASS |
+---------------------+----------------+--------------------+-------------------+------------------+--------------+
| Fedora 31 | SKIPPED | FAIL | PASS | PASS | PASS |
+---------------------+----------------+--------------------+-------------------+------------------+--------------+
| CentOS 8 | SKIPPED | FAIL | PASS | PASS | PASS |
+---------------------+----------------+--------------------+-------------------+------------------+--------------+
| openSUSE Leap 15 | SKIPPED | FAIL | PASS | PASS | PASS |
+---------------------+----------------+--------------------+-------------------+------------------+--------------+
| Arch Linux | SKIPPED | FAIL | SKIPPED | PASS | PASS |
+---------------------+----------------+--------------------+-------------------+------------------+--------------+
Ubuntu 18.04
Kernel: 4.15.0-generic
Compiler: gcc 7.4
Windows Server 2019
Kernel: 10.0
Compiler: clang 9.0
FreeBSD 11.2
Kernel: 11.2
Compiler: gcc 8.3
Fedora 31
Kernel: 5.3.16
Compiler: gcc 9.2.1
CentOS 8
Kernel: 4.18.0.el8_0
Compiler: gcc 8.3.1
openSUSE Leap 15
Kernel: 4.12.14
Compiler: gcc 7.4.1
Arch Linux
Kernel: latest
Compiler: gcc latest
To view detailed results, visit:
https://lab.dpdk.org/results/dashboard/patchsets/10324/
UNH-IOL DPDK Community Lab
To manage your email subscriptions, visit:
https://lab.dpdk.org/results/dashboard/preferences/subscriptions/
More information about the test-report
mailing list