[dpdk-test-report] |FAILURE| [GIT MASTER] b1419a24f94419e99f1f50d398b903df00525271
dpdklab at iol.unh.edu
dpdklab at iol.unh.edu
Mon Apr 20 19:42:06 CEST 2020
_Testing issues_
Branch: dpdk-next-crypto
b1419a24f94419e99f1f50d398b903df00525271 --> testing fail
Test environment and result as below:
+---------------------+--------------------+--------------+-------------------+------------------+----------------+
| Environment | dpdk_meson_compile | dpdk_compile | dpdk_compile_spdk | dpdk_compile_ovs | dpdk_unit_test |
+=====================+====================+==============+===================+==================+================+
| Windows Server 2019 | FAIL | SKIPPED | SKIPPED | SKIPPED | SKIPPED |
+---------------------+--------------------+--------------+-------------------+------------------+----------------+
| openSUSE Leap 15 | PASS | PASS | PASS | PASS | SKIPPED |
+---------------------+--------------------+--------------+-------------------+------------------+----------------+
| Ubuntu 18.04 | PASS | PASS | PASS | PASS | PASS |
+---------------------+--------------------+--------------+-------------------+------------------+----------------+
| CentOS 8 | PASS | PASS | PASS | PASS | SKIPPED |
+---------------------+--------------------+--------------+-------------------+------------------+----------------+
| FreeBSD 11.2 | PASS | PASS | PASS | SKIPPED | SKIPPED |
+---------------------+--------------------+--------------+-------------------+------------------+----------------+
| Arch Linux | PASS | PASS | SKIPPED | PASS | SKIPPED |
+---------------------+--------------------+--------------+-------------------+------------------+----------------+
Windows Server 2019
Kernel: 10.0
Compiler: clang 9.0
openSUSE Leap 15
Kernel: 4.12.14
Compiler: gcc 7.4.1
Ubuntu 18.04
Kernel: 4.15.0-generic
Compiler: gcc 7.4
CentOS 8
Kernel: 4.18.0.el8_0
Compiler: gcc 8.3.1
FreeBSD 11.2
Kernel: 11.2
Compiler: gcc 8.3
Arch Linux
Kernel: latest
Compiler: gcc latest
To view detailed results, visit:
https://lab.dpdk.org/results/dashboard/tarballs/9057/
UNH-IOL DPDK Community Lab
To manage your email subscriptions, visit:
https://lab.dpdk.org/results/dashboard/preferences/subscriptions/
More information about the test-report
mailing list