[dpdk-test-report] |FAILURE| pw69075 [PATCH] [v6] net/ixgbe: fix resource leak after thread exits normally
dpdklab at iol.unh.edu
dpdklab at iol.unh.edu
Wed Apr 22 17:13:34 CEST 2020
Test-Label: iol-testing
Test-Status: FAILURE
http://dpdk.org/patch/69075
_Testing issues_
Submitter: Zhu, TaoX <taox.zhu at intel.com>
Date: Wednesday, April 22 2020 12:37:36
DPDK git baseline: Repo:dpdk-next-net-intel
Branch: master
CommitID:c0d27a4655c0163fd7ef2d1e4b4fb2f8785d960a
69075 --> testing fail
Test environment and result as below:
+---------------------+--------------------+-------------------+--------------+------------------+----------------+
| Environment | dpdk_meson_compile | dpdk_compile_spdk | dpdk_compile | dpdk_compile_ovs | dpdk_unit_test |
+=====================+====================+===================+==============+==================+================+
| Windows Server 2019 | FAIL | SKIPPED | SKIPPED | SKIPPED | SKIPPED |
+---------------------+--------------------+-------------------+--------------+------------------+----------------+
| FreeBSD 11.2 | FAIL | FAIL | FAIL | SKIPPED | SKIPPED |
+---------------------+--------------------+-------------------+--------------+------------------+----------------+
| Fedora 31 | PASS | PASS | PASS | PASS | SKIPPED |
+---------------------+--------------------+-------------------+--------------+------------------+----------------+
| CentOS 8 | PASS | PASS | PASS | PASS | SKIPPED |
+---------------------+--------------------+-------------------+--------------+------------------+----------------+
| Ubuntu 18.04 | PASS | PASS | PASS | PASS | PASS |
+---------------------+--------------------+-------------------+--------------+------------------+----------------+
| openSUSE Leap 15 | PASS | PASS | PASS | PASS | SKIPPED |
+---------------------+--------------------+-------------------+--------------+------------------+----------------+
| Arch Linux | PASS | SKIPPED | PASS | PASS | SKIPPED |
+---------------------+--------------------+-------------------+--------------+------------------+----------------+
Windows Server 2019
Kernel: 10.0
Compiler: clang 9.0
FreeBSD 11.2
Kernel: 11.2
Compiler: gcc 8.3
Fedora 31
Kernel: 5.3.16
Compiler: gcc 9.2.1
CentOS 8
Kernel: 4.18.0.el8_0
Compiler: gcc 8.3.1
Ubuntu 18.04
Kernel: 4.15.0-generic
Compiler: gcc 7.4
openSUSE Leap 15
Kernel: 4.12.14
Compiler: gcc 7.4.1
Arch Linux
Kernel: latest
Compiler: gcc latest
To view detailed results, visit:
https://lab.dpdk.org/results/dashboard/patchsets/10617/
UNH-IOL DPDK Community Lab
To manage your email subscriptions, visit:
https://lab.dpdk.org/results/dashboard/preferences/subscriptions/
More information about the test-report
mailing list