[dpdk-test-report] |FAILURE| pw69158 [PATCH] common/mlx5: reduce size of netlink buffer
dpdklab at iol.unh.edu
dpdklab at iol.unh.edu
Thu Apr 23 10:30:28 CEST 2020
Test-Label: iol-testing
Test-Status: FAILURE
http://dpdk.org/patch/69158
_Testing issues_
Submitter: Stephen Hemminger <stephen at networkplumber.org>
Date: Wednesday, April 22 2020 22:30:00
DPDK git baseline: Repo:dpdk
Branch: master
CommitID:bf386ae377aa6dafd3043d4102f85f06cd33b111
69158 --> testing fail
Test environment and result as below:
+---------------------+--------------------+----------------+-------------------+------------------+--------------+
| Environment | dpdk_meson_compile | dpdk_unit_test | dpdk_compile_spdk | dpdk_compile_ovs | dpdk_compile |
+=====================+====================+================+===================+==================+==============+
| Windows Server 2019 | PASS | SKIPPED | SKIPPED | SKIPPED | SKIPPED |
+---------------------+--------------------+----------------+-------------------+------------------+--------------+
| Fedora 31 | FAIL | SKIPPED | FAIL | FAIL | FAIL |
+---------------------+--------------------+----------------+-------------------+------------------+--------------+
| CentOS 8 | FAIL | SKIPPED | FAIL | FAIL | FAIL |
+---------------------+--------------------+----------------+-------------------+------------------+--------------+
| openSUSE Leap 15 | FAIL | SKIPPED | FAIL | FAIL | FAIL |
+---------------------+--------------------+----------------+-------------------+------------------+--------------+
| Ubuntu 18.04 | FAIL | FAIL | FAIL | FAIL | FAIL |
+---------------------+--------------------+----------------+-------------------+------------------+--------------+
| Arch Linux | FAIL | SKIPPED | SKIPPED | FAIL | FAIL |
+---------------------+--------------------+----------------+-------------------+------------------+--------------+
| FreeBSD 11.2 | SKIPPED | SKIPPED | PASS | SKIPPED | PASS |
+---------------------+--------------------+----------------+-------------------+------------------+--------------+
Windows Server 2019
Kernel: 10.0
Compiler: clang 9.0
Fedora 31
Kernel: 5.3.16
Compiler: gcc 9.2.1
CentOS 8
Kernel: 4.18.0.el8_0
Compiler: gcc 8.3.1
openSUSE Leap 15
Kernel: 4.12.14
Compiler: gcc 7.4.1
Ubuntu 18.04
Kernel: 4.15.0-generic
Compiler: gcc 7.4
Arch Linux
Kernel: latest
Compiler: gcc latest
FreeBSD 11.2
Kernel: 11.2
Compiler: gcc 8.3
To view detailed results, visit:
https://lab.dpdk.org/results/dashboard/patchsets/10635/
UNH-IOL DPDK Community Lab
To manage your email subscriptions, visit:
https://lab.dpdk.org/results/dashboard/preferences/subscriptions/
More information about the test-report
mailing list