[dpdk-test-report] |WARNING| pw75716 [PATCH] examples/vm_power: fix resource leak on error path

dpdklab at iol.unh.edu dpdklab at iol.unh.edu
Wed Aug 19 16:01:55 CEST 2020


Test-Label: iol-testing
Test-Status: WARNING
http://dpdk.org/patch/75716

_Testing issues_

Submitter: wangyunjian <wangyunjian at huawei.com>
Date: Wednesday, August 19 2020 12:54:52 
DPDK git baseline: Repo:dpdk
  Branch: master
  CommitID:cd6f1d7a5fde76c4f1e771de9f7aafdf59d691e4

75716 --> testing fail

Test environment and result as below:

+---------------------+--------------------+--------------+-------------------+----------------+------------------+
|     Environment     | dpdk_meson_compile | dpdk_compile | dpdk_compile_spdk | dpdk_unit_test | dpdk_compile_ovs |
+=====================+====================+==============+===================+================+==================+
| Windows Server 2019 | PASS               | SKIPPED      | SKIPPED           | SKIPPED        | SKIPPED          |
+---------------------+--------------------+--------------+-------------------+----------------+------------------+
| FreeBSD 11.2        | PASS               | PASS         | FAIL              | SKIPPED        | SKIPPED          |
+---------------------+--------------------+--------------+-------------------+----------------+------------------+
| Ubuntu 18.04        | PASS               | PASS         | PASS              | PASS           | PASS             |
+---------------------+--------------------+--------------+-------------------+----------------+------------------+
| Fedora 31           | PASS               | PASS         | PASS              | SKIPPED        | PASS             |
+---------------------+--------------------+--------------+-------------------+----------------+------------------+
| CentOS 8            | PASS               | PASS         | PASS              | SKIPPED        | PASS             |
+---------------------+--------------------+--------------+-------------------+----------------+------------------+
| openSUSE Leap 15    | PASS               | PASS         | PASS              | SKIPPED        | PASS             |
+---------------------+--------------------+--------------+-------------------+----------------+------------------+
| Arch Linux          | PASS               | PASS         | SKIPPED           | SKIPPED        | PASS             |
+---------------------+--------------------+--------------+-------------------+----------------+------------------+

Windows Server 2019
	Kernel: 10.0
	Compiler: clang 9.0

FreeBSD 11.2
	Kernel: 11.2
	Compiler: gcc 8.3

Ubuntu 18.04
	Kernel: 4.15.0-generic
	Compiler: gcc 7.4

Fedora 31
	Kernel: 5.3.16
	Compiler: gcc 9.2.1

CentOS 8
	Kernel: 4.18.0.el8_0
	Compiler: gcc 8.3.1

openSUSE Leap 15
	Kernel: 4.12.14
	Compiler: gcc 7.4.1

Arch Linux
	Kernel: latest
	Compiler: gcc latest

To view detailed results, visit:
https://lab.dpdk.org/results/dashboard/patchsets/12650/

UNH-IOL DPDK Community Lab

To manage your email subscriptions, visit: 
https://lab.dpdk.org/results/dashboard/preferences/subscriptions/


More information about the test-report mailing list