[dpdk-test-report] |FAILURE| pw75778-75787 [PATCH] [v1, 13/13] linux/mlx5: refactor VLAN

dpdklab at iol.unh.edu dpdklab at iol.unh.edu
Thu Aug 20 18:21:38 CEST 2020


Test-Label: iol-testing
Test-Status: FAILURE
http://dpdk.org/patch/75787

_Testing issues_

Submitter: Ophir Munk <ophirmu at nvidia.com>
Date: Thursday, August 20 2020 14:50:28 
DPDK git baseline: Repo:dpdk
  Branch: master
  CommitID:cd6f1d7a5fde76c4f1e771de9f7aafdf59d691e4

75778-75787 --> testing fail

Test environment and result as below:

+---------------------+--------------------+----------------+------------------+-------------------+--------------+
|     Environment     | dpdk_meson_compile | dpdk_unit_test | dpdk_compile_ovs | dpdk_compile_spdk | dpdk_compile |
+=====================+====================+================+==================+===================+==============+
| Windows Server 2019 | PASS               | SKIPPED        | SKIPPED          | SKIPPED           | SKIPPED      |
+---------------------+--------------------+----------------+------------------+-------------------+--------------+
| Ubuntu 18.04        | FAIL               | FAIL           | FAIL             | FAIL              | FAIL         |
+---------------------+--------------------+----------------+------------------+-------------------+--------------+
| Fedora 31           | FAIL               | SKIPPED        | FAIL             | FAIL              | FAIL         |
+---------------------+--------------------+----------------+------------------+-------------------+--------------+
| FreeBSD 11.2        | PASS               | SKIPPED        | SKIPPED          | PASS              | PASS         |
+---------------------+--------------------+----------------+------------------+-------------------+--------------+
| CentOS 8            | PASS               | SKIPPED        | PASS             | PASS              | PASS         |
+---------------------+--------------------+----------------+------------------+-------------------+--------------+
| openSUSE Leap 15    | PASS               | SKIPPED        | PASS             | PASS              | PASS         |
+---------------------+--------------------+----------------+------------------+-------------------+--------------+
| Arch Linux          | PASS               | SKIPPED        | PASS             | SKIPPED           | PASS         |
+---------------------+--------------------+----------------+------------------+-------------------+--------------+

Windows Server 2019
	Kernel: 10.0
	Compiler: clang 9.0

Ubuntu 18.04
	Kernel: 4.15.0-generic
	Compiler: gcc 7.4

Fedora 31
	Kernel: 5.3.16
	Compiler: gcc 9.2.1

FreeBSD 11.2
	Kernel: 11.2
	Compiler: gcc 8.3

CentOS 8
	Kernel: 4.18.0.el8_0
	Compiler: gcc 8.3.1

openSUSE Leap 15
	Kernel: 4.12.14
	Compiler: gcc 7.4.1

Arch Linux
	Kernel: latest
	Compiler: gcc latest

To view detailed results, visit:
https://lab.dpdk.org/results/dashboard/patchsets/12660/

UNH-IOL DPDK Community Lab

To manage your email subscriptions, visit: 
https://lab.dpdk.org/results/dashboard/preferences/subscriptions/


More information about the test-report mailing list