[dpdk-test-report] |WARNING| pw85326-85336 [PATCH] [v12, 11/11] examples/l3fwd-power: enable PMD power mgmt
dpdklab at iol.unh.edu
dpdklab at iol.unh.edu
Thu Dec 17 17:20:25 CET 2020
Test-Label: iol-testing
Test-Status: WARNING
http://dpdk.org/patch/85336
_Testing issues_
Submitter: Anatoly Burakov <anatoly.burakov at intel.com>
Date: Thursday, December 17 2020 14:05:41
DPDK git baseline: Repo:dpdk
Branch: master
CommitID:e682b020840a9035beacd24cba4f6baabcfaf5ff
85326-85336 --> testing fail
Test environment and result as below:
+---------------------+----------------------+--------------------+-------------------+----------------+----------+
| Environment | dpdk_mingw64_compile | dpdk_meson_compile | dpdk_compile_spdk | dpdk_unit_test | abi_test |
+=====================+======================+====================+===================+================+==========+
| Windows Server 2019 | PASS | PASS | SKIPPED | SKIPPED | SKIPPED |
+---------------------+----------------------+--------------------+-------------------+----------------+----------+
| FreeBSD 11.2 | SKIPPED | PASS | SKIPPED | SKIPPED | SKIPPED |
+---------------------+----------------------+--------------------+-------------------+----------------+----------+
| CentOS 8 | SKIPPED | PASS | SKIPPED | SKIPPED | SKIPPED |
+---------------------+----------------------+--------------------+-------------------+----------------+----------+
| Fedora 31 | SKIPPED | PASS | FAIL | SKIPPED | SKIPPED |
+---------------------+----------------------+--------------------+-------------------+----------------+----------+
| openSUSE Leap 15 | SKIPPED | PASS | SKIPPED | SKIPPED | SKIPPED |
+---------------------+----------------------+--------------------+-------------------+----------------+----------+
| Arch Linux | SKIPPED | PASS | SKIPPED | SKIPPED | SKIPPED |
+---------------------+----------------------+--------------------+-------------------+----------------+----------+
| Ubuntu 18.04 | SKIPPED | PASS | FAIL | PASS | PASS |
+---------------------+----------------------+--------------------+-------------------+----------------+----------+
Windows Server 2019
Kernel: 10.0
Compiler: clang 9.0
FreeBSD 11.2
Kernel: 11.2
Compiler: gcc 8.3
CentOS 8
Kernel: 4.18.0.el8_0
Compiler: gcc 8.3.1
Fedora 31
Kernel: 5.3.16
Compiler: gcc 9.2.1
openSUSE Leap 15
Kernel: 4.12.14
Compiler: gcc 7.4.1
Arch Linux
Kernel: latest
Compiler: gcc latest
Ubuntu 18.04
Kernel: 4.15.0-generic
Compiler: gcc 7.5
To view detailed results, visit:
https://lab.dpdk.org/results/dashboard/patchsets/14856/
UNH-IOL DPDK Community Lab
To manage your email subscriptions, visit:
https://lab.dpdk.org/results/dashboard/preferences/subscriptions/
More information about the test-report
mailing list