[dpdk-test-report] |FAILURE| pw65512-65526 [PATCH] [v4, 01/15] common/octeontx2: add CPT LF mbox for inline inbound

dpdklab at iol.unh.edu dpdklab at iol.unh.edu
Tue Feb 4 14:31:29 CET 2020


Test-Label: iol-testing
Test-Status: FAILURE
http://dpdk.org/patch/65512

_Testing issues_

Submitter: Anoob Joseph <anoobj at marvell.com>
Date: Tuesday, February 04 2020 11:17:11 
DPDK git baseline: Repo:dpdk
  Branch: master
  CommitID:c465e6b94be343303303f26b95f3c2ae4969063e

65512-65526 --> testing fail

Test environment and result as below:

+---------------------+-------------------+--------------------+------------------+--------------+----------------+
|     Environment     | dpdk_compile_spdk | dpdk_meson_compile | dpdk_compile_ovs | dpdk_compile | dpdk_unit_test |
+=====================+===================+====================+==================+==============+================+
| Ubuntu 18.04        | FAIL              | PASS               | FAIL             | FAIL         | PASS           |
+---------------------+-------------------+--------------------+------------------+--------------+----------------+
| FreeBSD 11.2        | FAIL              | PASS               | SKIPPED          | FAIL         | SKIPPED        |
+---------------------+-------------------+--------------------+------------------+--------------+----------------+
| Windows Server 2019 | SKIPPED           | PASS               | SKIPPED          | SKIPPED      | SKIPPED        |
+---------------------+-------------------+--------------------+------------------+--------------+----------------+
| openSUSE Leap 15    | SKIPPED           | PASS               | FAIL             | FAIL         | SKIPPED        |
+---------------------+-------------------+--------------------+------------------+--------------+----------------+
| Fedora 31           | SKIPPED           | PASS               | FAIL             | FAIL         | SKIPPED        |
+---------------------+-------------------+--------------------+------------------+--------------+----------------+
| CentOS 8            | SKIPPED           | PASS               | FAIL             | FAIL         | SKIPPED        |
+---------------------+-------------------+--------------------+------------------+--------------+----------------+
| Arch Linux          | SKIPPED           | PASS               | FAIL             | FAIL         | SKIPPED        |
+---------------------+-------------------+--------------------+------------------+--------------+----------------+

Ubuntu 18.04
	Kernel: 4.15.0-generic
	GCC: 7.4

FreeBSD 11.2
	Kernel: 11.2
	GCC: 8.3

Windows Server 2019
	Kernel: 10.0
	GCC: 9.0

openSUSE Leap 15
	Kernel: 4.12.14
	GCC: 7.4.1

Fedora 31
	Kernel: 5.3.16
	GCC: 9.2.1

CentOS 8
	Kernel: 4.18.0.el8_0
	GCC: 8.3.1

Arch Linux
	Kernel: latest
	GCC: latest

To view detailed results, visit:
https://lab.dpdk.org/results/dashboard/patchsets/9479/

UNH-IOL DPDK Community Lab

To manage your email subscriptions, visit: 
https://lab.dpdk.org/results/dashboard/preferences/subscriptions/


More information about the test-report mailing list