[dpdk-test-report] |FAILURE| pw66150 [PATCH] Fix various typos found by Lintian
dpdklab at iol.unh.edu
dpdklab at iol.unh.edu
Sat Feb 29 18:51:06 CET 2020
Test-Label: iol-testing
Test-Status: FAILURE
http://dpdk.org/patch/66150
_Testing issues_
Submitter: Luca Boccassi <luca.boccassi at gmail.com>
Date: Saturday, February 29 2020 16:37:06
DPDK git baseline: Repo:dpdk
Branch: master
CommitID:1f362c7a7b619dae848bb66944793fb498e16346
66150 --> testing fail
Test environment and result as below:
+---------------------+--------------+------------------+--------------------+-------------------+----------------+
| Environment | dpdk_compile | dpdk_compile_ovs | dpdk_meson_compile | dpdk_compile_spdk | dpdk_unit_test |
+=====================+==============+==================+====================+===================+================+
| openSUSE Leap 15 | FAIL | FAIL | FAIL | FAIL | SKIPPED |
+---------------------+--------------+------------------+--------------------+-------------------+----------------+
| Ubuntu 18.04 | PASS | PASS | PASS | PASS | PASS |
+---------------------+--------------+------------------+--------------------+-------------------+----------------+
| CentOS 8 | PASS | PASS | PASS | PASS | SKIPPED |
+---------------------+--------------+------------------+--------------------+-------------------+----------------+
| FreeBSD 11.2 | PASS | SKIPPED | PASS | PASS | SKIPPED |
+---------------------+--------------+------------------+--------------------+-------------------+----------------+
| Arch Linux | PASS | PASS | PASS | SKIPPED | SKIPPED |
+---------------------+--------------+------------------+--------------------+-------------------+----------------+
| Fedora 31 | PASS | PASS | PASS | PASS | SKIPPED |
+---------------------+--------------+------------------+--------------------+-------------------+----------------+
| Windows Server 2019 | SKIPPED | SKIPPED | PASS | SKIPPED | SKIPPED |
+---------------------+--------------+------------------+--------------------+-------------------+----------------+
openSUSE Leap 15
Kernel: 4.12.14
Compiler: gcc 7.4.1
Ubuntu 18.04
Kernel: 4.15.0-generic
Compiler: gcc 7.4
CentOS 8
Kernel: 4.18.0.el8_0
Compiler: gcc 8.3.1
FreeBSD 11.2
Kernel: 11.2
Compiler: gcc 8.3
Arch Linux
Kernel: latest
Compiler: gcc latest
Fedora 31
Kernel: 5.3.16
Compiler: gcc 9.2.1
Windows Server 2019
Kernel: 10.0
Compiler: clang 9.0
To view detailed results, visit:
https://lab.dpdk.org/results/dashboard/patchsets/9797/
UNH-IOL DPDK Community Lab
To manage your email subscriptions, visit:
https://lab.dpdk.org/results/dashboard/preferences/subscriptions/
More information about the test-report
mailing list