[dpdk-test-report] |FAILURE| pw64183 [PATCH] [1/2] l3fwd-power: fix a typo
dpdklab at iol.unh.edu
dpdklab at iol.unh.edu
Fri Jan 3 16:46:42 CET 2020
Test-Label: iol-testing
Test-Status: FAILURE
http://dpdk.org/patch/64183
_Testing issues_
Submitter: Xiao Wang <xiao.w.wang at intel.com>
Date: Friday, January 03 2020 18:39:19
DPDK git baseline: Repo:dpdk
Branch: master
CommitID:2e088e6f94b773233c06440763c1be43d0d705b3
64183 --> testing fail
Test environment and result as below:
+------------------+-------------------+--------------+------------------+--------------------+----------------+
| Environment | dpdk_compile_spdk | dpdk_compile | dpdk_compile_ovs | dpdk_meson_compile | dpdk_unit_test |
+==================+===================+==============+==================+====================+================+
| FreeBSD 11.2 | PASS | PASS | SKIPPED | FAIL | SKIPPED |
+------------------+-------------------+--------------+------------------+--------------------+----------------+
| Ubuntu 18.04 | PASS | PASS | PASS | FAIL | FAIL |
+------------------+-------------------+--------------+------------------+--------------------+----------------+
| openSUSE Leap 15 | SKIPPED | PASS | PASS | FAIL | SKIPPED |
+------------------+-------------------+--------------+------------------+--------------------+----------------+
| Fedora 31 | SKIPPED | PASS | PASS | FAIL | SKIPPED |
+------------------+-------------------+--------------+------------------+--------------------+----------------+
| CentOS 8 | SKIPPED | PASS | PASS | FAIL | SKIPPED |
+------------------+-------------------+--------------+------------------+--------------------+----------------+
FreeBSD 11.2
Kernel: 11.2
GCC: 8.3
Ubuntu 18.04
Kernel: 4.15.0-generic
GCC: 7.4
openSUSE Leap 15
Kernel: 4.12.14
GCC: 7.4.1
Fedora 31
Kernel: 5.3.16
GCC: 9.2.1
CentOS 8
Kernel: 4.18.0.el8_0
GCC: 8.2
https://lab.dpdk.org/results/dashboard/patchsets/9051/
UNH-IOL DPDK Community Lab
To manage your email subscriptions visit:
https://lab.dpdk.org/results/dashboard/preferences/subscriptions/
More information about the test-report
mailing list