[dpdk-test-report] |FAILURE| pw64324 [PATCH] [v2] net/axgbe: add a HW quirk for register definitions
dpdklab at iol.unh.edu
dpdklab at iol.unh.edu
Thu Jan 9 08:45:26 CET 2020
Test-Label: iol-testing
Test-Status: FAILURE
http://dpdk.org/patch/64324
_Testing issues_
Submitter: Sebastian, Selwin <selwin.sebastian at amd.com>
Date: Thursday, January 09 2020 12:39:37
DPDK git baseline: Repo:dpdk
Branch: master
CommitID:10060dba6455461088d24e03d3cfeba639d53022
64324 --> testing fail
Test environment and result as below:
+------------------+----------------+-------------------+--------------+------------------+--------------------+
| Environment | dpdk_unit_test | dpdk_compile_spdk | dpdk_compile | dpdk_compile_ovs | dpdk_meson_compile |
+==================+================+===================+==============+==================+====================+
| Ubuntu 18.04 | FAIL | PASS | PASS | PASS | FAIL |
+------------------+----------------+-------------------+--------------+------------------+--------------------+
| FreeBSD 11.2 | SKIPPED | PASS | PASS | SKIPPED | PASS |
+------------------+----------------+-------------------+--------------+------------------+--------------------+
| openSUSE Leap 15 | SKIPPED | SKIPPED | PASS | PASS | FAIL |
+------------------+----------------+-------------------+--------------+------------------+--------------------+
| Fedora 31 | SKIPPED | SKIPPED | PASS | PASS | FAIL |
+------------------+----------------+-------------------+--------------+------------------+--------------------+
| CentOS 8 | SKIPPED | SKIPPED | PASS | PASS | FAIL |
+------------------+----------------+-------------------+--------------+------------------+--------------------+
Ubuntu 18.04
Kernel: 4.15.0-generic
GCC: 7.4
FreeBSD 11.2
Kernel: 11.2
GCC: 8.3
openSUSE Leap 15
Kernel: 4.12.14
GCC: 7.4.1
Fedora 31
Kernel: 5.3.16
GCC: 9.2.1
CentOS 8
Kernel: 4.18.0.el8_0
GCC: 8.2
https://lab.dpdk.org/results/dashboard/patchsets/9101/
UNH-IOL DPDK Community Lab
To manage your email subscriptions visit:
https://lab.dpdk.org/results/dashboard/preferences/subscriptions/
More information about the test-report
mailing list