[dpdk-test-report] |FAILURE| pw64627-64630 [PATCH] [v3, 1/4] mbuf: detach mbuf with pinned external buffer

dpdklab at iol.unh.edu dpdklab at iol.unh.edu
Tue Jan 14 10:37:33 CET 2020


Test-Label: iol-testing
Test-Status: FAILURE
http://dpdk.org/patch/64627

_Testing issues_

Submitter: Viacheslav Ovsiienko <viacheslavo at mellanox.com>
Date: Tuesday, January 14 2020 09:15:02 
DPDK git baseline: Repo:dpdk
  Branch: master
  CommitID:a02b9406a8769247737b55dbfa50b6b5f896d946

64627-64630 --> testing fail

Test environment and result as below:

+------------------+-------------------+------------------+--------------+--------------------+----------------+
|   Environment    | dpdk_compile_spdk | dpdk_compile_ovs | dpdk_compile | dpdk_meson_compile | dpdk_unit_test |
+==================+===================+==================+==============+====================+================+
| FreeBSD 11.2     | FAIL              | SKIPPED          | FAIL         | PASS               | SKIPPED        |
+------------------+-------------------+------------------+--------------+--------------------+----------------+
| Ubuntu 18.04     | FAIL              | FAIL             | FAIL         | PASS               | PASS           |
+------------------+-------------------+------------------+--------------+--------------------+----------------+
| openSUSE Leap 15 | SKIPPED           | FAIL             | FAIL         | PASS               | SKIPPED        |
+------------------+-------------------+------------------+--------------+--------------------+----------------+
| Arch Linux       | SKIPPED           | FAIL             | FAIL         | PASS               | SKIPPED        |
+------------------+-------------------+------------------+--------------+--------------------+----------------+
| CentOS 8         | SKIPPED           | FAIL             | FAIL         | PASS               | SKIPPED        |
+------------------+-------------------+------------------+--------------+--------------------+----------------+
| Fedora 31        | SKIPPED           | FAIL             | FAIL         | PASS               | SKIPPED        |
+------------------+-------------------+------------------+--------------+--------------------+----------------+

FreeBSD 11.2
	Kernel: 11.2
	GCC: 8.3

Ubuntu 18.04
	Kernel: 4.15.0-generic
	GCC: 7.4

openSUSE Leap 15
	Kernel: 4.12.14
	GCC: 7.4.1

Arch Linux
	Kernel: latest
	GCC: latest

CentOS 8
	Kernel: 4.18.0.el8_0
	GCC: 8.2

Fedora 31
	Kernel: 5.3.16
	GCC: 9.2.1

To view detailed results, visit:
https://lab.dpdk.org/results/dashboard/patchsets/9179/

UNH-IOL DPDK Community Lab

To manage your email subscriptions, visit: 
https://lab.dpdk.org/results/dashboard/preferences/subscriptions/


More information about the test-report mailing list