[dpdk-test-report] |FAILURE| pw65003-65004 [PATCH] [1/2] crypto/dpaa_sec: fix performance issue
dpdklab at iol.unh.edu
dpdklab at iol.unh.edu
Tue Jan 21 15:22:48 CET 2020
Test-Label: iol-testing
Test-Status: FAILURE
http://dpdk.org/patch/65003
_Testing issues_
Submitter: Gagandeep Singh <g.singh at nxp.com>
Date: Tuesday, January 21 2020 10:45:43
DPDK git baseline: Repo:dpdk
Branch: master
CommitID:f061f23bcaa619209b9180f8720a128bd719e95b
65003-65004 --> testing fail
Test environment and result as below:
+------------------+-------------------+----------------+--------------+------------------+--------------------+
| Environment | dpdk_compile_spdk | dpdk_unit_test | dpdk_compile | dpdk_compile_ovs | dpdk_meson_compile |
+==================+===================+================+==============+==================+====================+
| FreeBSD 11.2 | PASS | SKIPPED | PASS | SKIPPED | PASS |
+------------------+-------------------+----------------+--------------+------------------+--------------------+
| Ubuntu 18.04 | PASS | FAIL | PASS | PASS | FAIL |
+------------------+-------------------+----------------+--------------+------------------+--------------------+
| openSUSE Leap 15 | SKIPPED | SKIPPED | PASS | PASS | FAIL |
+------------------+-------------------+----------------+--------------+------------------+--------------------+
| Arch Linux | SKIPPED | SKIPPED | PASS | PASS | FAIL |
+------------------+-------------------+----------------+--------------+------------------+--------------------+
| Fedora 31 | SKIPPED | SKIPPED | PASS | PASS | FAIL |
+------------------+-------------------+----------------+--------------+------------------+--------------------+
| CentOS 8 | SKIPPED | SKIPPED | PASS | PASS | FAIL |
+------------------+-------------------+----------------+--------------+------------------+--------------------+
FreeBSD 11.2
Kernel: 11.2
GCC: 8.3
Ubuntu 18.04
Kernel: 4.15.0-generic
GCC: 7.4
openSUSE Leap 15
Kernel: 4.12.14
GCC: 7.4.1
Arch Linux
Kernel: latest
GCC: latest
Fedora 31
Kernel: 5.3.16
GCC: 9.2.1
CentOS 8
Kernel: 4.18.0.el8_0
GCC: 8.3.1
To view detailed results, visit:
https://lab.dpdk.org/results/dashboard/patchsets/9308/
UNH-IOL DPDK Community Lab
To manage your email subscriptions, visit:
https://lab.dpdk.org/results/dashboard/preferences/subscriptions/
More information about the test-report
mailing list