[dpdk-test-report] |WARNING| pw65072-65076 [PATCH] [v3, 1/5] crypto/armv8: link PMD to crypto library hosted by Arm
dpdklab at iol.unh.edu
dpdklab at iol.unh.edu
Thu Jan 23 05:37:18 CET 2020
Test-Label: iol-testing
Test-Status: WARNING
http://dpdk.org/patch/65072
_Testing issues_
Submitter: Ruifeng Wang <ruifeng.wang at arm.com>
Date: Thursday, January 23 2020 03:45:53
DPDK git baseline: Repo:dpdk
Branch: master
CommitID:c465e6b94be343303303f26b95f3c2ae4969063e
65072-65076 --> testing fail
Test environment and result as below:
+------------------+-------------------+--------------+--------------------+----------------+------------------+
| Environment | dpdk_compile_spdk | dpdk_compile | dpdk_meson_compile | dpdk_unit_test | dpdk_compile_ovs |
+==================+===================+==============+====================+================+==================+
| FreeBSD 11.2 | FAIL | PASS | PASS | SKIPPED | SKIPPED |
+------------------+-------------------+--------------+--------------------+----------------+------------------+
| Ubuntu 18.04 | FAIL | PASS | PASS | PASS | PASS |
+------------------+-------------------+--------------+--------------------+----------------+------------------+
| openSUSE Leap 15 | SKIPPED | PASS | PASS | SKIPPED | PASS |
+------------------+-------------------+--------------+--------------------+----------------+------------------+
| Arch Linux | SKIPPED | PASS | PASS | SKIPPED | PASS |
+------------------+-------------------+--------------+--------------------+----------------+------------------+
| Fedora 31 | SKIPPED | PASS | PASS | SKIPPED | PASS |
+------------------+-------------------+--------------+--------------------+----------------+------------------+
| CentOS 8 | SKIPPED | PASS | PASS | SKIPPED | PASS |
+------------------+-------------------+--------------+--------------------+----------------+------------------+
FreeBSD 11.2
Kernel: 11.2
GCC: 8.3
Ubuntu 18.04
Kernel: 4.15.0-generic
GCC: 7.4
openSUSE Leap 15
Kernel: 4.12.14
GCC: 7.4.1
Arch Linux
Kernel: latest
GCC: latest
Fedora 31
Kernel: 5.3.16
GCC: 9.2.1
CentOS 8
Kernel: 4.18.0.el8_0
GCC: 8.3.1
To view detailed results, visit:
https://lab.dpdk.org/results/dashboard/patchsets/9341/
UNH-IOL DPDK Community Lab
To manage your email subscriptions, visit:
https://lab.dpdk.org/results/dashboard/preferences/subscriptions/
More information about the test-report
mailing list