[dpdk-test-report] |FAILURE| pw65380 [PATCH] net/mlx5: add Rx/Tx burst mode info callbacks

dpdklab at iol.unh.edu dpdklab at iol.unh.edu
Thu Jan 30 20:14:17 CET 2020


Test-Label: iol-testing
Test-Status: FAILURE
http://dpdk.org/patch/65380

_Testing issues_

Submitter: Alexander Kozyrev <akozyrev at mellanox.com>
Date: Thursday, January 30 2020 16:28:01 
DPDK git baseline: Repo:dpdk
  Branch: master
  CommitID:c465e6b94be343303303f26b95f3c2ae4969063e

65380 --> testing fail

Test environment and result as below:

+------------------+-------------------+------------------+--------------+----------------+--------------------+
|   Environment    | dpdk_compile_spdk | dpdk_compile_ovs | dpdk_compile | dpdk_unit_test | dpdk_meson_compile |
+==================+===================+==================+==============+================+====================+
| Ubuntu 18.04     | FAIL              | FAIL             | FAIL         | PASS           | SKIPPED            |
+------------------+-------------------+------------------+--------------+----------------+--------------------+
| FreeBSD 11.2     | PASS              | SKIPPED          | PASS         | SKIPPED        | PASS               |
+------------------+-------------------+------------------+--------------+----------------+--------------------+
| openSUSE Leap 15 | SKIPPED           | PASS             | PASS         | SKIPPED        | PASS               |
+------------------+-------------------+------------------+--------------+----------------+--------------------+
| Arch Linux       | SKIPPED           | PASS             | PASS         | SKIPPED        | PASS               |
+------------------+-------------------+------------------+--------------+----------------+--------------------+
| Fedora 31        | SKIPPED           | PASS             | PASS         | SKIPPED        | PASS               |
+------------------+-------------------+------------------+--------------+----------------+--------------------+
| CentOS 8         | SKIPPED           | PASS             | PASS         | SKIPPED        | PASS               |
+------------------+-------------------+------------------+--------------+----------------+--------------------+

Ubuntu 18.04
	Kernel: 4.15.0-generic
	GCC: 7.4

FreeBSD 11.2
	Kernel: 11.2
	GCC: 8.3

openSUSE Leap 15
	Kernel: 4.12.14
	GCC: 7.4.1

Arch Linux
	Kernel: latest
	GCC: latest

Fedora 31
	Kernel: 5.3.16
	GCC: 9.2.1

CentOS 8
	Kernel: 4.18.0.el8_0
	GCC: 8.3.1

To view detailed results, visit:
https://lab.dpdk.org/results/dashboard/patchsets/9430/

UNH-IOL DPDK Community Lab

To manage your email subscriptions, visit: 
https://lab.dpdk.org/results/dashboard/preferences/subscriptions/


More information about the test-report mailing list