[dpdk-test-report] |FAILURE| pw73556-73560 [PATCH] [v2, 1/6] ethdev: add flow shared action API

dpdklab at iol.unh.edu dpdklab at iol.unh.edu
Thu Jul 9 23:13:01 CEST 2020


Test-Label: iol-testing
Test-Status: FAILURE
http://dpdk.org/patch/73556

_Testing issues_

Submitter: Andrey Vesnovaty <andreyv at mellanox.com>
Date: Wednesday, July 08 2020 21:39:40 
DPDK git baseline: Repo:dpdk
  Branch: master
  CommitID:048db4b6dcccaee9277ce5b4fbb2fe684b212e22

73556-73560 --> testing fail

Test environment and result as below:

+---------------------+--------------------+--------------+------------------+----------------+-------------------+
|     Environment     | dpdk_meson_compile | dpdk_compile | dpdk_compile_ovs | dpdk_unit_test | dpdk_compile_spdk |
+=====================+====================+==============+==================+================+===================+
| Windows Server 2019 | PASS               | SKIPPED      | SKIPPED          | SKIPPED        | SKIPPED           |
+---------------------+--------------------+--------------+------------------+----------------+-------------------+
| FreeBSD 11.2        | PASS               | PASS         | SKIPPED          | SKIPPED        | PASS              |
+---------------------+--------------------+--------------+------------------+----------------+-------------------+
| CentOS 8            | FAIL               | FAIL         | FAIL             | SKIPPED        | FAIL              |
+---------------------+--------------------+--------------+------------------+----------------+-------------------+
| Ubuntu 18.04        | PASS               | PASS         | PASS             | PASS           | PASS              |
+---------------------+--------------------+--------------+------------------+----------------+-------------------+
| Fedora 31           | PASS               | PASS         | PASS             | SKIPPED        | PASS              |
+---------------------+--------------------+--------------+------------------+----------------+-------------------+
| openSUSE Leap 15    | FAIL               | FAIL         | FAIL             | SKIPPED        | FAIL              |
+---------------------+--------------------+--------------+------------------+----------------+-------------------+
| Arch Linux          | FAIL               | FAIL         | FAIL             | SKIPPED        | SKIPPED           |
+---------------------+--------------------+--------------+------------------+----------------+-------------------+

Windows Server 2019
	Kernel: 10.0
	Compiler: clang 9.0

FreeBSD 11.2
	Kernel: 11.2
	Compiler: gcc 8.3

CentOS 8
	Kernel: 4.18.0.el8_0
	Compiler: gcc 8.3.1

Ubuntu 18.04
	Kernel: 4.15.0-generic
	Compiler: gcc 7.4

Fedora 31
	Kernel: 5.3.16
	Compiler: gcc 9.2.1

openSUSE Leap 15
	Kernel: 4.12.14
	Compiler: gcc 7.4.1

Arch Linux
	Kernel: latest
	Compiler: gcc latest

To view detailed results, visit:
https://lab.dpdk.org/results/dashboard/patchsets/11947/

UNH-IOL DPDK Community Lab

To manage your email subscriptions, visit: 
https://lab.dpdk.org/results/dashboard/preferences/subscriptions/


More information about the test-report mailing list