[dpdk-test-report] |FAILURE| pw73714-73728 [PATCH] [v1, 01/16] common/mlx5: update common part to support packet pacing
dpdklab at iol.unh.edu
dpdklab at iol.unh.edu
Sat Jul 11 07:08:31 CEST 2020
Test-Label: iol-testing
Test-Status: FAILURE
http://dpdk.org/patch/73714
_Testing issues_
Submitter: Slava Ovsiienko <viacheslavo at mellanox.com>
Date: Friday, July 10 2020 09:48:35
DPDK git baseline: Repo:dpdk
Branch: master
CommitID:2d6ed071a8b93ead509ff26914bdb8938efd7543
73714-73728 --> testing fail
Test environment and result as below:
+---------------------+----------------+--------------------+------------------+-------------------+--------------+
| Environment | dpdk_unit_test | dpdk_meson_compile | dpdk_compile_ovs | dpdk_compile_spdk | dpdk_compile |
+=====================+================+====================+==================+===================+==============+
| Ubuntu 18.04 | FAIL | FAIL | FAIL | FAIL | FAIL |
+---------------------+----------------+--------------------+------------------+-------------------+--------------+
| Windows Server 2019 | SKIPPED | PASS | SKIPPED | SKIPPED | SKIPPED |
+---------------------+----------------+--------------------+------------------+-------------------+--------------+
| Fedora 31 | SKIPPED | FAIL | FAIL | FAIL | FAIL |
+---------------------+----------------+--------------------+------------------+-------------------+--------------+
| CentOS 8 | SKIPPED | FAIL | FAIL | FAIL | FAIL |
+---------------------+----------------+--------------------+------------------+-------------------+--------------+
| FreeBSD 11.2 | SKIPPED | PASS | SKIPPED | PASS | PASS |
+---------------------+----------------+--------------------+------------------+-------------------+--------------+
| openSUSE Leap 15 | SKIPPED | FAIL | FAIL | FAIL | FAIL |
+---------------------+----------------+--------------------+------------------+-------------------+--------------+
| Arch Linux | SKIPPED | FAIL | FAIL | SKIPPED | FAIL |
+---------------------+----------------+--------------------+------------------+-------------------+--------------+
Ubuntu 18.04
Kernel: 4.15.0-generic
Compiler: gcc 7.4
Windows Server 2019
Kernel: 10.0
Compiler: clang 9.0
Fedora 31
Kernel: 5.3.16
Compiler: gcc 9.2.1
CentOS 8
Kernel: 4.18.0.el8_0
Compiler: gcc 8.3.1
FreeBSD 11.2
Kernel: 11.2
Compiler: gcc 8.3
openSUSE Leap 15
Kernel: 4.12.14
Compiler: gcc 7.4.1
Arch Linux
Kernel: latest
Compiler: gcc latest
To view detailed results, visit:
https://lab.dpdk.org/results/dashboard/patchsets/11991/
UNH-IOL DPDK Community Lab
To manage your email subscriptions, visit:
https://lab.dpdk.org/results/dashboard/preferences/subscriptions/
More information about the test-report
mailing list