[dpdk-test-report] |FAILURE| pw74144-74152 [PATCH] [v5, 1/9] rte_ethdev: change comment to rte_dev_eth_mac_addr_add
dpdklab at iol.unh.edu
dpdklab at iol.unh.edu
Fri Jul 17 23:29:15 CEST 2020
Test-Label: iol-testing
Test-Status: FAILURE
http://dpdk.org/patch/74144
_Testing issues_
Submitter: Stephen Hemminger <stephen at networkplumber.org>
Date: Wednesday, July 15 2020 23:02:49
DPDK git baseline: Repo:dpdk
Branch: master
CommitID:353162537fa416e2aa8b45bd6f86935f7eaf2d10
74144-74152 --> testing fail
Test environment and result as below:
+---------------------+--------------------+----------------+-------------------+------------------+--------------+
| Environment | dpdk_meson_compile | dpdk_unit_test | dpdk_compile_spdk | dpdk_compile_ovs | dpdk_compile |
+=====================+====================+================+===================+==================+==============+
| Windows Server 2019 | PASS | SKIPPED | SKIPPED | SKIPPED | SKIPPED |
+---------------------+--------------------+----------------+-------------------+------------------+--------------+
| FreeBSD 11.2 | PASS | SKIPPED | PASS | SKIPPED | PASS |
+---------------------+--------------------+----------------+-------------------+------------------+--------------+
| Fedora 31 | PASS | SKIPPED | PASS | PASS | PASS |
+---------------------+--------------------+----------------+-------------------+------------------+--------------+
| CentOS 8 | PASS | SKIPPED | PASS | PASS | PASS |
+---------------------+--------------------+----------------+-------------------+------------------+--------------+
| Ubuntu 18.04 | PASS | FAIL | PASS | PASS | PASS |
+---------------------+--------------------+----------------+-------------------+------------------+--------------+
| openSUSE Leap 15 | PASS | SKIPPED | PASS | PASS | PASS |
+---------------------+--------------------+----------------+-------------------+------------------+--------------+
| Arch Linux | PASS | SKIPPED | SKIPPED | PASS | PASS |
+---------------------+--------------------+----------------+-------------------+------------------+--------------+
Windows Server 2019
Kernel: 10.0
Compiler: clang 9.0
FreeBSD 11.2
Kernel: 11.2
Compiler: gcc 8.3
Fedora 31
Kernel: 5.3.16
Compiler: gcc 9.2.1
CentOS 8
Kernel: 4.18.0.el8_0
Compiler: gcc 8.3.1
Ubuntu 18.04
Kernel: 4.15.0-generic
Compiler: gcc 7.4
openSUSE Leap 15
Kernel: 4.12.14
Compiler: gcc 7.4.1
Arch Linux
Kernel: latest
Compiler: gcc latest
To view detailed results, visit:
https://lab.dpdk.org/results/dashboard/patchsets/12110/
UNH-IOL DPDK Community Lab
To manage your email subscriptions, visit:
https://lab.dpdk.org/results/dashboard/preferences/subscriptions/
More information about the test-report
mailing list