[dpdk-test-report] |FAILURE| pw74236-74242 [PATCH] [v2, 1/7] net/mlx5: add flow validation of eCPRI header

dpdklab at iol.unh.edu dpdklab at iol.unh.edu
Sat Jul 18 23:48:22 CEST 2020


Test-Label: iol-testing
Test-Status: FAILURE
http://dpdk.org/patch/74236

_Testing issues_

Submitter: Bing Zhao <bingz at mellanox.com>
Date: Thursday, July 16 2020 13:49:53 
DPDK git baseline: Repo:dpdk
  Branch: master
  CommitID:353162537fa416e2aa8b45bd6f86935f7eaf2d10

74236-74242 --> testing fail

Test environment and result as below:

+---------------------+--------------------+----------------+-------------------+------------------+--------------+
|     Environment     | dpdk_meson_compile | dpdk_unit_test | dpdk_compile_spdk | dpdk_compile_ovs | dpdk_compile |
+=====================+====================+================+===================+==================+==============+
| Windows Server 2019 | PASS               | SKIPPED        | SKIPPED           | SKIPPED          | SKIPPED      |
+---------------------+--------------------+----------------+-------------------+------------------+--------------+
| FreeBSD 11.2        | PASS               | SKIPPED        | PASS              | SKIPPED          | PASS         |
+---------------------+--------------------+----------------+-------------------+------------------+--------------+
| Fedora 31           | FAIL               | SKIPPED        | FAIL              | FAIL             | FAIL         |
+---------------------+--------------------+----------------+-------------------+------------------+--------------+
| Ubuntu 18.04        | FAIL               | FAIL           | FAIL              | FAIL             | FAIL         |
+---------------------+--------------------+----------------+-------------------+------------------+--------------+
| CentOS 8            | FAIL               | SKIPPED        | FAIL              | FAIL             | FAIL         |
+---------------------+--------------------+----------------+-------------------+------------------+--------------+
| openSUSE Leap 15    | FAIL               | SKIPPED        | FAIL              | FAIL             | FAIL         |
+---------------------+--------------------+----------------+-------------------+------------------+--------------+
| Arch Linux          | FAIL               | SKIPPED        | SKIPPED           | FAIL             | FAIL         |
+---------------------+--------------------+----------------+-------------------+------------------+--------------+

Windows Server 2019
	Kernel: 10.0
	Compiler: clang 9.0

FreeBSD 11.2
	Kernel: 11.2
	Compiler: gcc 8.3

Fedora 31
	Kernel: 5.3.16
	Compiler: gcc 9.2.1

Ubuntu 18.04
	Kernel: 4.15.0-generic
	Compiler: gcc 7.4

CentOS 8
	Kernel: 4.18.0.el8_0
	Compiler: gcc 8.3.1

openSUSE Leap 15
	Kernel: 4.12.14
	Compiler: gcc 7.4.1

Arch Linux
	Kernel: latest
	Compiler: gcc latest

To view detailed results, visit:
https://lab.dpdk.org/results/dashboard/patchsets/12143/

UNH-IOL DPDK Community Lab

To manage your email subscriptions, visit: 
https://lab.dpdk.org/results/dashboard/preferences/subscriptions/


More information about the test-report mailing list