[dpdk-test-report] |FAILURE| pw70751-70761 [PATCH] [v6, 01/11] eal: replace rte_page_sizes with a set of constants
dpdklab at iol.unh.edu
dpdklab at iol.unh.edu
Wed Jun 3 02:20:09 CEST 2020
Test-Label: iol-testing
Test-Status: FAILURE
http://dpdk.org/patch/70751
_Testing issues_
Submitter: Dmitry Kozlyuk <dmitry.kozliuk at gmail.com>
Date: Tuesday, June 02 2020 23:03:19
DPDK git baseline: Repo:dpdk
Branch: master
CommitID:60814f955cfdebeb1d7bb3c8c5ae6c566b15f572
70751-70761 --> testing fail
Test environment and result as below:
+---------------------+-------------------+--------------+--------------------+----------------+------------------+
| Environment | dpdk_compile_spdk | dpdk_compile | dpdk_meson_compile | dpdk_unit_test | dpdk_compile_ovs |
+=====================+===================+==============+====================+================+==================+
| FreeBSD 11.2 | FAIL | FAIL | FAIL | SKIPPED | SKIPPED |
+---------------------+-------------------+--------------+--------------------+----------------+------------------+
| openSUSE Leap 15 | PASS | PASS | PASS | SKIPPED | PASS |
+---------------------+-------------------+--------------+--------------------+----------------+------------------+
| CentOS 8 | FAIL | PASS | PASS | SKIPPED | PASS |
+---------------------+-------------------+--------------+--------------------+----------------+------------------+
| Ubuntu 18.04 | FAIL | PASS | PASS | PASS | PASS |
+---------------------+-------------------+--------------+--------------------+----------------+------------------+
| Fedora 31 | FAIL | PASS | PASS | SKIPPED | PASS |
+---------------------+-------------------+--------------+--------------------+----------------+------------------+
| Arch Linux | SKIPPED | PASS | PASS | SKIPPED | PASS |
+---------------------+-------------------+--------------+--------------------+----------------+------------------+
| Windows Server 2019 | SKIPPED | SKIPPED | PASS | SKIPPED | SKIPPED |
+---------------------+-------------------+--------------+--------------------+----------------+------------------+
FreeBSD 11.2
Kernel: 11.2
Compiler: gcc 8.3
openSUSE Leap 15
Kernel: 4.12.14
Compiler: gcc 7.4.1
CentOS 8
Kernel: 4.18.0.el8_0
Compiler: gcc 8.3.1
Ubuntu 18.04
Kernel: 4.15.0-generic
Compiler: gcc 7.4
Fedora 31
Kernel: 5.3.16
Compiler: gcc 9.2.1
Arch Linux
Kernel: latest
Compiler: gcc latest
Windows Server 2019
Kernel: 10.0
Compiler: clang 9.0
To view detailed results, visit:
https://lab.dpdk.org/results/dashboard/patchsets/11353/
UNH-IOL DPDK Community Lab
To manage your email subscriptions, visit:
https://lab.dpdk.org/results/dashboard/preferences/subscriptions/
More information about the test-report
mailing list