[dpdk-test-report] |FAILURE| pw72184-72186 [PATCH] [v2, 1/3] crypto/qat: add data-path APIs
dpdklab at iol.unh.edu
dpdklab at iol.unh.edu
Fri Jun 26 09:18:03 CEST 2020
Test-Label: iol-testing
Test-Status: FAILURE
http://dpdk.org/patch/72184
_Testing issues_
Submitter: Fan Zhang <roy.fan.zhang at intel.com>
Date: Thursday, June 25 2020 13:31:36
DPDK git baseline: Repo:dpdk
Branch: master
CommitID:c91717eb75c8595e84fb9dfa8424b7b2ccee5e16
72184-72186 --> testing fail
Test environment and result as below:
+---------------------+--------------------+----------------+-------------------+------------------+--------------+
| Environment | dpdk_meson_compile | dpdk_unit_test | dpdk_compile_spdk | dpdk_compile_ovs | dpdk_compile |
+=====================+====================+================+===================+==================+==============+
| Windows Server 2019 | PASS | SKIPPED | SKIPPED | SKIPPED | SKIPPED |
+---------------------+--------------------+----------------+-------------------+------------------+--------------+
| FreeBSD 11.2 | FAIL | SKIPPED | PASS | SKIPPED | PASS |
+---------------------+--------------------+----------------+-------------------+------------------+--------------+
| CentOS 8 | FAIL | SKIPPED | PASS | PASS | PASS |
+---------------------+--------------------+----------------+-------------------+------------------+--------------+
| Ubuntu 18.04 | FAIL | FAIL | PASS | PASS | PASS |
+---------------------+--------------------+----------------+-------------------+------------------+--------------+
| Fedora 31 | FAIL | SKIPPED | PASS | PASS | PASS |
+---------------------+--------------------+----------------+-------------------+------------------+--------------+
| openSUSE Leap 15 | FAIL | SKIPPED | PASS | PASS | PASS |
+---------------------+--------------------+----------------+-------------------+------------------+--------------+
| Arch Linux | FAIL | SKIPPED | SKIPPED | PASS | PASS |
+---------------------+--------------------+----------------+-------------------+------------------+--------------+
Windows Server 2019
Kernel: 10.0
Compiler: clang 9.0
FreeBSD 11.2
Kernel: 11.2
Compiler: gcc 8.3
CentOS 8
Kernel: 4.18.0.el8_0
Compiler: gcc 8.3.1
Ubuntu 18.04
Kernel: 4.15.0-generic
Compiler: gcc 7.4
Fedora 31
Kernel: 5.3.16
Compiler: gcc 9.2.1
openSUSE Leap 15
Kernel: 4.12.14
Compiler: gcc 7.4.1
Arch Linux
Kernel: latest
Compiler: gcc latest
To view detailed results, visit:
https://lab.dpdk.org/results/dashboard/patchsets/11672/
UNH-IOL DPDK Community Lab
To manage your email subscriptions, visit:
https://lab.dpdk.org/results/dashboard/preferences/subscriptions/
More information about the test-report
mailing list