[dpdk-test-report] |FAILURE| pw66162-66171 [PATCH] [01/10] net/enetc: do not stall in clean Tx ring
dpdklab at iol.unh.edu
dpdklab at iol.unh.edu
Mon Mar 2 11:07:01 CET 2020
Test-Label: iol-testing
Test-Status: FAILURE
http://dpdk.org/patch/66162
_Testing issues_
Submitter: Hemant Agrawal <hemant.agrawal at nxp.com>
Date: Monday, March 02 2020 14:32:00
DPDK git baseline: Repo:dpdk
Branch: master
CommitID:1f362c7a7b619dae848bb66944793fb498e16346
66162-66171 --> testing fail
Test environment and result as below:
+---------------------+------------------+--------------------+--------------+-------------------+----------------+
| Environment | dpdk_compile_ovs | dpdk_meson_compile | dpdk_compile | dpdk_compile_spdk | dpdk_unit_test |
+=====================+==================+====================+==============+===================+================+
| openSUSE Leap 15 | FAIL | FAIL | FAIL | FAIL | SKIPPED |
+---------------------+------------------+--------------------+--------------+-------------------+----------------+
| Ubuntu 18.04 | PASS | PASS | PASS | PASS | PASS |
+---------------------+------------------+--------------------+--------------+-------------------+----------------+
| CentOS 8 | PASS | PASS | PASS | PASS | SKIPPED |
+---------------------+------------------+--------------------+--------------+-------------------+----------------+
| Fedora 31 | PASS | PASS | PASS | PASS | SKIPPED |
+---------------------+------------------+--------------------+--------------+-------------------+----------------+
| Arch Linux | PASS | PASS | PASS | SKIPPED | SKIPPED |
+---------------------+------------------+--------------------+--------------+-------------------+----------------+
| Windows Server 2019 | SKIPPED | PASS | SKIPPED | SKIPPED | SKIPPED |
+---------------------+------------------+--------------------+--------------+-------------------+----------------+
| FreeBSD 11.2 | SKIPPED | PASS | PASS | PASS | SKIPPED |
+---------------------+------------------+--------------------+--------------+-------------------+----------------+
openSUSE Leap 15
Kernel: 4.12.14
Compiler: gcc 7.4.1
Ubuntu 18.04
Kernel: 4.15.0-generic
Compiler: gcc 7.4
CentOS 8
Kernel: 4.18.0.el8_0
Compiler: gcc 8.3.1
Fedora 31
Kernel: 5.3.16
Compiler: gcc 9.2.1
Arch Linux
Kernel: latest
Compiler: gcc latest
Windows Server 2019
Kernel: 10.0
Compiler: clang 9.0
FreeBSD 11.2
Kernel: 11.2
Compiler: gcc 8.3
To view detailed results, visit:
https://lab.dpdk.org/results/dashboard/patchsets/9804/
UNH-IOL DPDK Community Lab
To manage your email subscriptions, visit:
https://lab.dpdk.org/results/dashboard/preferences/subscriptions/
More information about the test-report
mailing list