[dpdk-test-report] |FAILURE| pw67318-67352 [PATCH] [v3,	01/33] meson: add libatomic as a global dependency for i686 clang
    dpdklab at iol.unh.edu 
    dpdklab at iol.unh.edu
       
    Sun Mar 29 17:41:13 CEST 2020
    
    
  
Test-Label: iol-testing
Test-Status: FAILURE
http://dpdk.org/patch/67318
_Testing issues_
Submitter: Jerin Jacob Kollanukkaran <jerinj at marvell.com>
Date: Sunday, March 29 2020 14:43:10 
DPDK git baseline: Repo:dpdk
  Branch: master
  CommitID:ffcf831454a93c1da54299d4066dd03de6712a9b
67318-67352 --> testing fail
Test environment and result as below:
+---------------------+--------------------+------------------+--------------+-------------------+----------------+
|     Environment     | dpdk_meson_compile | dpdk_compile_ovs | dpdk_compile | dpdk_compile_spdk | dpdk_unit_test |
+=====================+====================+==================+==============+===================+================+
| Windows Server 2019 | FAIL               | SKIPPED          | SKIPPED      | SKIPPED           | SKIPPED        |
+---------------------+--------------------+------------------+--------------+-------------------+----------------+
| Fedora 31           | PASS               | FAIL             | FAIL         | FAIL              | SKIPPED        |
+---------------------+--------------------+------------------+--------------+-------------------+----------------+
| CentOS 8            | PASS               | FAIL             | FAIL         | FAIL              | SKIPPED        |
+---------------------+--------------------+------------------+--------------+-------------------+----------------+
| Ubuntu 18.04        | PASS               | FAIL             | FAIL         | FAIL              | PASS           |
+---------------------+--------------------+------------------+--------------+-------------------+----------------+
| openSUSE Leap 15    | PASS               | FAIL             | FAIL         | FAIL              | SKIPPED        |
+---------------------+--------------------+------------------+--------------+-------------------+----------------+
| FreeBSD 11.2        | PASS               | SKIPPED          | PASS         | PASS              | SKIPPED        |
+---------------------+--------------------+------------------+--------------+-------------------+----------------+
| Arch Linux          | PASS               | FAIL             | FAIL         | SKIPPED           | SKIPPED        |
+---------------------+--------------------+------------------+--------------+-------------------+----------------+
Windows Server 2019
	Kernel: 10.0
	Compiler: clang 9.0
Fedora 31
	Kernel: 5.3.16
	Compiler: gcc 9.2.1
CentOS 8
	Kernel: 4.18.0.el8_0
	Compiler: gcc 8.3.1
Ubuntu 18.04
	Kernel: 4.15.0-generic
	Compiler: gcc 7.4
openSUSE Leap 15
	Kernel: 4.12.14
	Compiler: gcc 7.4.1
FreeBSD 11.2
	Kernel: 11.2
	Compiler: gcc 8.3
Arch Linux
	Kernel: latest
	Compiler: gcc latest
To view detailed results, visit:
https://lab.dpdk.org/results/dashboard/patchsets/10144/
UNH-IOL DPDK Community Lab
To manage your email subscriptions, visit: 
https://lab.dpdk.org/results/dashboard/preferences/subscriptions/
    
    
More information about the test-report
mailing list