[dpdk-test-report] |FAILURE| [GIT MASTER] c0280d5d8ac047b9f56d21d17e2fd0961891072a
dpdklab at iol.unh.edu
dpdklab at iol.unh.edu
Wed May 6 23:37:25 CEST 2020
_Testing issues_
Branch: dpdk
c0280d5d8ac047b9f56d21d17e2fd0961891072a --> testing fail
Test environment and result as below:
+---------------------+----------------+--------------------+-------------------+------------------+--------------+
| Environment | dpdk_unit_test | dpdk_meson_compile | dpdk_compile_spdk | dpdk_compile_ovs | dpdk_compile |
+=====================+================+====================+===================+==================+==============+
| Ubuntu 18.04 | FAIL | PASS | PASS | PASS | PASS |
+---------------------+----------------+--------------------+-------------------+------------------+--------------+
| Windows Server 2019 | SKIPPED | PASS | SKIPPED | SKIPPED | SKIPPED |
+---------------------+----------------+--------------------+-------------------+------------------+--------------+
| Fedora 31 | SKIPPED | PASS | PASS | PASS | PASS |
+---------------------+----------------+--------------------+-------------------+------------------+--------------+
| CentOS 8 | SKIPPED | PASS | PASS | PASS | PASS |
+---------------------+----------------+--------------------+-------------------+------------------+--------------+
| openSUSE Leap 15 | SKIPPED | PASS | PASS | PASS | PASS |
+---------------------+----------------+--------------------+-------------------+------------------+--------------+
| Arch Linux | SKIPPED | PASS | SKIPPED | PASS | PASS |
+---------------------+----------------+--------------------+-------------------+------------------+--------------+
| FreeBSD 11.2 | SKIPPED | PASS | PASS | SKIPPED | PASS |
+---------------------+----------------+--------------------+-------------------+------------------+--------------+
Ubuntu 18.04
Kernel: 4.15.0-generic
Compiler: gcc 7.4
Windows Server 2019
Kernel: 10.0
Compiler: clang 9.0
Fedora 31
Kernel: 5.3.16
Compiler: gcc 9.2.1
CentOS 8
Kernel: 4.18.0.el8_0
Compiler: gcc 8.3.1
openSUSE Leap 15
Kernel: 4.12.14
Compiler: gcc 7.4.1
Arch Linux
Kernel: latest
Compiler: gcc latest
FreeBSD 11.2
Kernel: 11.2
Compiler: gcc 8.3
To view detailed results, visit:
https://lab.dpdk.org/results/dashboard/tarballs/9390/
UNH-IOL DPDK Community Lab
To manage your email subscriptions, visit:
https://lab.dpdk.org/results/dashboard/preferences/subscriptions/
More information about the test-report
mailing list