[dpdk-test-report] |FAILURE| [GIT MASTER] dec44d41109dac609d83805c0b906df446f8680e
dpdklab at iol.unh.edu
dpdklab at iol.unh.edu
Sun May 10 19:42:52 CEST 2020
_Testing issues_
Branch: dpdk
dec44d41109dac609d83805c0b906df446f8680e --> testing fail
Test environment and result as below:
+---------------------+----------------+------------------+-------------------+--------------------+--------------+
| Environment | dpdk_unit_test | dpdk_compile_ovs | dpdk_compile_spdk | dpdk_meson_compile | dpdk_compile |
+=====================+================+==================+===================+====================+==============+
| Ubuntu 18.04 | PASS | FAIL | FAIL | FAIL | FAIL |
+---------------------+----------------+------------------+-------------------+--------------------+--------------+
| Fedora 31 | SKIPPED | FAIL | FAIL | FAIL | FAIL |
+---------------------+----------------+------------------+-------------------+--------------------+--------------+
| CentOS 8 | SKIPPED | PASS | PASS | PASS | PASS |
+---------------------+----------------+------------------+-------------------+--------------------+--------------+
| openSUSE Leap 15 | SKIPPED | PASS | PASS | PASS | PASS |
+---------------------+----------------+------------------+-------------------+--------------------+--------------+
| Arch Linux | SKIPPED | PASS | SKIPPED | PASS | PASS |
+---------------------+----------------+------------------+-------------------+--------------------+--------------+
| FreeBSD 11.2 | SKIPPED | SKIPPED | PASS | PASS | PASS |
+---------------------+----------------+------------------+-------------------+--------------------+--------------+
| Windows Server 2019 | SKIPPED | SKIPPED | SKIPPED | PASS | SKIPPED |
+---------------------+----------------+------------------+-------------------+--------------------+--------------+
Ubuntu 18.04
Kernel: 4.15.0-generic
Compiler: gcc 7.4
Fedora 31
Kernel: 5.3.16
Compiler: gcc 9.2.1
CentOS 8
Kernel: 4.18.0.el8_0
Compiler: gcc 8.3.1
openSUSE Leap 15
Kernel: 4.12.14
Compiler: gcc 7.4.1
Arch Linux
Kernel: latest
Compiler: gcc latest
FreeBSD 11.2
Kernel: 11.2
Compiler: gcc 8.3
Windows Server 2019
Kernel: 10.0
Compiler: clang 9.0
To view detailed results, visit:
https://lab.dpdk.org/results/dashboard/tarballs/9468/
UNH-IOL DPDK Community Lab
To manage your email subscriptions, visit:
https://lab.dpdk.org/results/dashboard/preferences/subscriptions/
More information about the test-report
mailing list