[dpdk-test-report] |FAILURE| pw70016-70018 [PATCH] [v2, 1/5] app/testpmd: print clock with CPU cycles per pkt
dpdklab at iol.unh.edu
dpdklab at iol.unh.edu
Mon May 11 15:46:43 CEST 2020
Test-Label: iol-testing
Test-Status: FAILURE
http://dpdk.org/patch/70016
_Testing issues_
Submitter: Dharmik Thakkar <dharmik.thakkar at arm.com>
Date: Friday, May 08 2020 22:38:25
DPDK git baseline: Repo:dpdk
Branch: master
CommitID:dec44d41109dac609d83805c0b906df446f8680e
70016-70018 --> testing fail
Test environment and result as below:
+---------------------+------------------+--------------+--------------------+-------------------+----------------+
| Environment | dpdk_compile_ovs | dpdk_compile | dpdk_meson_compile | dpdk_compile_spdk | dpdk_unit_test |
+=====================+==================+==============+====================+===================+================+
| Ubuntu 18.04 | FAIL | FAIL | FAIL | FAIL | PASS |
+---------------------+------------------+--------------+--------------------+-------------------+----------------+
| Fedora 31 | FAIL | FAIL | FAIL | FAIL | SKIPPED |
+---------------------+------------------+--------------+--------------------+-------------------+----------------+
| openSUSE Leap 15 | PASS | PASS | PASS | PASS | SKIPPED |
+---------------------+------------------+--------------+--------------------+-------------------+----------------+
| CentOS 8 | PASS | PASS | PASS | PASS | SKIPPED |
+---------------------+------------------+--------------+--------------------+-------------------+----------------+
| Arch Linux | PASS | PASS | PASS | SKIPPED | SKIPPED |
+---------------------+------------------+--------------+--------------------+-------------------+----------------+
| FreeBSD 11.2 | SKIPPED | PASS | PASS | PASS | SKIPPED |
+---------------------+------------------+--------------+--------------------+-------------------+----------------+
| Windows Server 2019 | SKIPPED | SKIPPED | PASS | SKIPPED | SKIPPED |
+---------------------+------------------+--------------+--------------------+-------------------+----------------+
Ubuntu 18.04
Kernel: 4.15.0-generic
Compiler: gcc 7.4
Fedora 31
Kernel: 5.3.16
Compiler: gcc 9.2.1
openSUSE Leap 15
Kernel: 4.12.14
Compiler: gcc 7.4.1
CentOS 8
Kernel: 4.18.0.el8_0
Compiler: gcc 8.3.1
Arch Linux
Kernel: latest
Compiler: gcc latest
FreeBSD 11.2
Kernel: 11.2
Compiler: gcc 8.3
Windows Server 2019
Kernel: 10.0
Compiler: clang 9.0
To view detailed results, visit:
https://lab.dpdk.org/results/dashboard/patchsets/11006/
UNH-IOL DPDK Community Lab
To manage your email subscriptions, visit:
https://lab.dpdk.org/results/dashboard/preferences/subscriptions/
More information about the test-report
mailing list