[dpdk-test-report] |FAILURE| pw70058-70059 [PATCH] [v3, 1/2] crypto/zuc: support IPSec Multi-buffer lib v0.54
dpdklab at iol.unh.edu
dpdklab at iol.unh.edu
Tue May 12 20:36:37 CEST 2020
Test-Label: iol-testing
Test-Status: FAILURE
http://dpdk.org/patch/70058
_Testing issues_
Submitter: De Lara Guarch, Pablo <pablo.de.lara.guarch at intel.com>
Date: Monday, May 11 2020 09:14:20
DPDK git baseline: Repo:dpdk
Branch: master
CommitID:dec44d41109dac609d83805c0b906df446f8680e
70058-70059 --> testing fail
Test environment and result as below:
+---------------------+------------------+-------------------+--------------+--------------------+----------------+
| Environment | dpdk_compile_ovs | dpdk_compile_spdk | dpdk_compile | dpdk_meson_compile | dpdk_unit_test |
+=====================+==================+===================+==============+====================+================+
| Fedora 31 | FAIL | FAIL | FAIL | FAIL | SKIPPED |
+---------------------+------------------+-------------------+--------------+--------------------+----------------+
| CentOS 8 | PASS | PASS | PASS | PASS | SKIPPED |
+---------------------+------------------+-------------------+--------------+--------------------+----------------+
| openSUSE Leap 15 | PASS | PASS | PASS | PASS | SKIPPED |
+---------------------+------------------+-------------------+--------------+--------------------+----------------+
| Arch Linux | PASS | SKIPPED | PASS | PASS | SKIPPED |
+---------------------+------------------+-------------------+--------------+--------------------+----------------+
| Ubuntu 18.04 | PASS | PASS | PASS | PASS | PASS |
+---------------------+------------------+-------------------+--------------+--------------------+----------------+
| FreeBSD 11.2 | SKIPPED | PASS | PASS | PASS | SKIPPED |
+---------------------+------------------+-------------------+--------------+--------------------+----------------+
| Windows Server 2019 | SKIPPED | SKIPPED | SKIPPED | PASS | SKIPPED |
+---------------------+------------------+-------------------+--------------+--------------------+----------------+
Fedora 31
Kernel: 5.3.16
Compiler: gcc 9.2.1
CentOS 8
Kernel: 4.18.0.el8_0
Compiler: gcc 8.3.1
openSUSE Leap 15
Kernel: 4.12.14
Compiler: gcc 7.4.1
Arch Linux
Kernel: latest
Compiler: gcc latest
Ubuntu 18.04
Kernel: 4.15.0-generic
Compiler: gcc 7.4
FreeBSD 11.2
Kernel: 11.2
Compiler: gcc 8.3
Windows Server 2019
Kernel: 10.0
Compiler: clang 9.0
To view detailed results, visit:
https://lab.dpdk.org/results/dashboard/patchsets/11026/
UNH-IOL DPDK Community Lab
To manage your email subscriptions, visit:
https://lab.dpdk.org/results/dashboard/preferences/subscriptions/
More information about the test-report
mailing list