[dpdk-test-report] |FAILURE| pw70109 [PATCH] net/virtio: remove duplicated runtime check

dpdklab at iol.unh.edu dpdklab at iol.unh.edu
Wed May 13 21:52:56 CEST 2020


Test-Label: iol-testing
Test-Status: FAILURE
http://dpdk.org/patch/70109

_Testing issues_

Submitter: Liu, Yong <yong.liu at intel.com>
Date: Tuesday, May 12 2020 13:18:06 
DPDK git baseline: Repo:dpdk
  Branch: master
  CommitID:1d51f154cd93bc8f623985032835d2218e05c893

70109 --> testing fail

Test environment and result as below:

+---------------------+--------------------+------------------+-------------------+--------------+----------------+
|     Environment     | dpdk_meson_compile | dpdk_compile_ovs | dpdk_compile_spdk | dpdk_compile | dpdk_unit_test |
+=====================+====================+==================+===================+==============+================+
| Windows Server 2019 | PASS               | SKIPPED          | SKIPPED           | SKIPPED      | SKIPPED        |
+---------------------+--------------------+------------------+-------------------+--------------+----------------+
| Fedora 31           | FAIL               | FAIL             | FAIL              | FAIL         | SKIPPED        |
+---------------------+--------------------+------------------+-------------------+--------------+----------------+
| CentOS 8            | PASS               | PASS             | FAIL              | PASS         | SKIPPED        |
+---------------------+--------------------+------------------+-------------------+--------------+----------------+
| Ubuntu 18.04        | PASS               | PASS             | FAIL              | PASS         | PASS           |
+---------------------+--------------------+------------------+-------------------+--------------+----------------+
| openSUSE Leap 15    | PASS               | PASS             | FAIL              | PASS         | SKIPPED        |
+---------------------+--------------------+------------------+-------------------+--------------+----------------+
| Arch Linux          | PASS               | PASS             | SKIPPED           | PASS         | SKIPPED        |
+---------------------+--------------------+------------------+-------------------+--------------+----------------+
| FreeBSD 11.2        | PASS               | SKIPPED          | FAIL              | PASS         | SKIPPED        |
+---------------------+--------------------+------------------+-------------------+--------------+----------------+

Windows Server 2019
	Kernel: 10.0
	Compiler: clang 9.0

Fedora 31
	Kernel: 5.3.16
	Compiler: gcc 9.2.1

CentOS 8
	Kernel: 4.18.0.el8_0
	Compiler: gcc 8.3.1

Ubuntu 18.04
	Kernel: 4.15.0-generic
	Compiler: gcc 7.4

openSUSE Leap 15
	Kernel: 4.12.14
	Compiler: gcc 7.4.1

Arch Linux
	Kernel: latest
	Compiler: gcc latest

FreeBSD 11.2
	Kernel: 11.2
	Compiler: gcc 8.3

To view detailed results, visit:
https://lab.dpdk.org/results/dashboard/patchsets/11055/

UNH-IOL DPDK Community Lab

To manage your email subscriptions, visit: 
https://lab.dpdk.org/results/dashboard/preferences/subscriptions/


More information about the test-report mailing list