[dpdk-test-report] |FAILURE| pw70285 [PATCH] net/mlx5: fix wrong port action assert position
dpdklab at iol.unh.edu
dpdklab at iol.unh.edu
Sun May 17 20:56:35 CEST 2020
Test-Label: iol-testing
Test-Status: FAILURE
http://dpdk.org/patch/70285
_Testing issues_
Submitter: Bing Zhao <bingz at mellanox.com>
Date: Friday, May 15 2020 04:49:18
DPDK git baseline: Repo:dpdk
Branch: master
CommitID:a8b8a863179e0a8478d488bb8545e632ed163456
70285 --> testing fail
Test environment and result as below:
+---------------------+--------------------+------------------+--------------+-------------------+----------------+
| Environment | dpdk_meson_compile | dpdk_compile_ovs | dpdk_compile | dpdk_compile_spdk | dpdk_unit_test |
+=====================+====================+==================+==============+===================+================+
| Windows Server 2019 | PASS | SKIPPED | SKIPPED | SKIPPED | SKIPPED |
+---------------------+--------------------+------------------+--------------+-------------------+----------------+
| Fedora 31 | FAIL | FAIL | FAIL | FAIL | SKIPPED |
+---------------------+--------------------+------------------+--------------+-------------------+----------------+
| CentOS 8 | PASS | PASS | PASS | FAIL | SKIPPED |
+---------------------+--------------------+------------------+--------------+-------------------+----------------+
| Ubuntu 18.04 | PASS | PASS | PASS | FAIL | PASS |
+---------------------+--------------------+------------------+--------------+-------------------+----------------+
| openSUSE Leap 15 | PASS | PASS | PASS | FAIL | SKIPPED |
+---------------------+--------------------+------------------+--------------+-------------------+----------------+
| Arch Linux | PASS | PASS | PASS | SKIPPED | SKIPPED |
+---------------------+--------------------+------------------+--------------+-------------------+----------------+
| FreeBSD 11.2 | PASS | SKIPPED | PASS | FAIL | SKIPPED |
+---------------------+--------------------+------------------+--------------+-------------------+----------------+
Windows Server 2019
Kernel: 10.0
Compiler: clang 9.0
Fedora 31
Kernel: 5.3.16
Compiler: gcc 9.2.1
CentOS 8
Kernel: 4.18.0.el8_0
Compiler: gcc 8.3.1
Ubuntu 18.04
Kernel: 4.15.0-generic
Compiler: gcc 7.4
openSUSE Leap 15
Kernel: 4.12.14
Compiler: gcc 7.4.1
Arch Linux
Kernel: latest
Compiler: gcc latest
FreeBSD 11.2
Kernel: 11.2
Compiler: gcc 8.3
To view detailed results, visit:
https://lab.dpdk.org/results/dashboard/patchsets/11135/
UNH-IOL DPDK Community Lab
To manage your email subscriptions, visit:
https://lab.dpdk.org/results/dashboard/preferences/subscriptions/
More information about the test-report
mailing list