[dpdk-test-report] |FAILURE| pw83399-83409 [PATCH] [v6,	11/11] build: disable libnuma in cross builds
    dpdklab at iol.unh.edu 
    dpdklab at iol.unh.edu
       
    Mon Nov  2 17:28:37 CET 2020
    
    
  
Test-Label: iol-testing
Test-Status: FAILURE
http://dpdk.org/patch/83409
_Testing issues_
Submitter: Juraj Linkeš <juraj.linkes at pantheon.tech>
Date: Monday, November 02 2020 13:21:18 
DPDK git baseline: Repo:dpdk
  Branch: master
  CommitID:79d69c6dcf0debea38ac258d230e2f8c93e5ad12
83399-83409 --> testing fail
Test environment and result as below:
+---------------------+--------------------+
|     Environment     | dpdk_meson_compile |
+=====================+====================+
| Windows Server 2019 | PASS               |
+---------------------+--------------------+
| FreeBSD 11.2        | PASS               |
+---------------------+--------------------+
| Arch Linux          | FAIL               |
+---------------------+--------------------+
| Fedora 31           | PASS               |
+---------------------+--------------------+
| CentOS 8            | PASS               |
+---------------------+--------------------+
| openSUSE Leap 15    | PASS               |
+---------------------+--------------------+
| Ubuntu 18.04        | PASS               |
+---------------------+--------------------+
Windows Server 2019
	Kernel: 10.0
	Compiler: clang 9.0
FreeBSD 11.2
	Kernel: 11.2
	Compiler: gcc 8.3
Arch Linux
	Kernel: latest
	Compiler: gcc latest
Fedora 31
	Kernel: 5.3.16
	Compiler: gcc 9.2.1
CentOS 8
	Kernel: 4.18.0.el8_0
	Compiler: gcc 8.3.1
openSUSE Leap 15
	Kernel: 4.12.14
	Compiler: gcc 7.4.1
Ubuntu 18.04
	Kernel: 4.15.0-generic
	Compiler: gcc 7.4
To view detailed results, visit:
https://lab.dpdk.org/results/dashboard/patchsets/14232/
UNH-IOL DPDK Community Lab
To manage your email subscriptions, visit: 
https://lab.dpdk.org/results/dashboard/preferences/subscriptions/
    
    
More information about the test-report
mailing list